{"id":68641,"date":"2024-03-22T16:14:44","date_gmt":"2024-03-22T15:14:44","guid":{"rendered":"https:\/\/abinox-chr-clim.com\/index.php\/product\/ouvre-boite-manivelle-vogue\/"},"modified":"2026-04-14T10:44:06","modified_gmt":"2026-04-14T08:44:06","slug":"ouvre-boite-manivelle-vogue","status":"publish","type":"product","link":"https:\/\/abinox-chr-clim.com\/index.php\/product\/ouvre-boite-manivelle-vogue\/","title":{"rendered":"Ouvre-bo\u00eete manivelle Vogue"},"content":{"rendered":"<p>Le fonctionnement \u00e0 manivelle rend l&rsquo;ouverture des bo\u00eetes rapide et facile.<br \/>Le m\u00e9canisme \u00e0 manivelle permet d&rsquo;ouvrir facilement les bo\u00eetes de conserve. Robuste et fiable. Convient pour un usage professionnel. Poign\u00e9es de conception ergonomique. Ouvre les bo\u00eetes de toutes tailles. La grande manivelle r\u00e9duit la tension sur les mains. Fonction d\u00e9capsuleur.Le m\u00e9canisme \u00e0 manivelle permet d&rsquo;ouvrir facilement les bo\u00eetes de conserve.<\/p>\n<p>Caract\u00e9ristiques :<br \/> Dimensions : 57(H) x 59(L) mm.<br \/> Mati\u00e8re : .<br \/> Couleur : Noir.<\/p>\n","protected":false},"excerpt":{"rendered":"<p>Ouvre-bo\u00eete manivelle Vogue<\/p>\n","protected":false},"featured_media":83917,"comment_status":"closed","ping_status":"closed","template":"","meta":[],"product_brand":[],"product_cat":[1277,1297],"product_tag":[],"class_list":{"0":"post-68641","1":"product","2":"type-product","3":"status-publish","4":"has-post-thumbnail","6":"product_cat-divers-principal","7":"product_cat-non-palettisable","8":"product_shipping_class-free-shipping","10":"first","11":"instock","12":"featured","13":"taxable","14":"shipping-taxable","15":"purchasable","16":"product-type-simple"},"_links":{"self":[{"href":"https:\/\/abinox-chr-clim.com\/index.php\/wp-json\/wp\/v2\/product\/68641","targetHints":{"allow":["GET"]}}],"collection":[{"href":"https:\/\/abinox-chr-clim.com\/index.php\/wp-json\/wp\/v2\/product"}],"about":[{"href":"https:\/\/abinox-chr-clim.com\/index.php\/wp-json\/wp\/v2\/types\/product"}],"replies":[{"embeddable":true,"href":"https:\/\/abinox-chr-clim.com\/index.php\/wp-json\/wp\/v2\/comments?post=68641"}],"wp:featuredmedia":[{"embeddable":true,"href":"https:\/\/abinox-chr-clim.com\/index.php\/wp-json\/wp\/v2\/media\/83917"}],"wp:attachment":[{"href":"https:\/\/abinox-chr-clim.com\/index.php\/wp-json\/wp\/v2\/media?parent=68641"}],"wp:term":[{"taxonomy":"product_brand","embeddable":true,"href":"https:\/\/abinox-chr-clim.com\/index.php\/wp-json\/wp\/v2\/product_brand?post=68641"},{"taxonomy":"product_cat","embeddable":true,"href":"https:\/\/abinox-chr-clim.com\/index.php\/wp-json\/wp\/v2\/product_cat?post=68641"},{"taxonomy":"product_tag","embeddable":true,"href":"https:\/\/abinox-chr-clim.com\/index.php\/wp-json\/wp\/v2\/product_tag?post=68641"}],"curies":[{"name":"wp","href":"https:\/\/api.w.org\/{rel}","templated":true}]}}