{"id":68621,"date":"2024-03-22T16:14:39","date_gmt":"2024-03-22T15:14:39","guid":{"rendered":"https:\/\/abinox-chr-clim.com\/index.php\/product\/rouleaux-cb-thermiques-olympia-57-x-30-mm-lot-de-20\/"},"modified":"2026-04-14T10:37:07","modified_gmt":"2026-04-14T08:37:07","slug":"rouleaux-cb-thermiques-olympia-57-x-30-mm-lot-de-20","status":"publish","type":"product","link":"https:\/\/abinox-chr-clim.com\/index.php\/product\/rouleaux-cb-thermiques-olympia-57-x-30-mm-lot-de-20\/","title":{"rendered":"Rouleaux CB thermiques Olympia 57 x 30 mm (lot de 20)"},"content":{"rendered":"<p>Lot de 20.<br \/>Convient \u00e0 toutes les machines nomm\u00e9es ci-dessous et \u00e0 toute machine avec une imprimante thermique qui accepte des rouleaux de 57(H) x 30(\u00d8)mm. AB1300, AP1300-IR, AB1300-BT et AP863-F. Dione Xtream, Dione Explorer. Extech &#8211; MST 1V, MST FC. Gemalto Magie C. Hypercom &#8211; ICE4000, ICE5000, M4100, M4210. Ingenico &#8211; i8550. Nurit Lipman &#8211; 3010, 8000. Cellule de paiement &#8211; MPT500, MPT510.Convient \u00e0 toutes les machines nomm\u00e9es ci-dessous et \u00e0 toute machine avec une imprimante thermique qui accepte des rouleaux de 57(H) x 30(\u00d8)mm.<\/p>\n<p>Caract\u00e9ristiques :<br \/>Lot : 20.<br \/> Dimensions : 57(H) x 30(\u00d8) mm.<br \/> Mati\u00e8re : Papier.<br \/> Couleur : Blanc.<\/p>\n","protected":false},"excerpt":{"rendered":"<p>Rouleaux CB thermiques Olympia 57 x 30 mm (lot de 20)<\/p>\n","protected":false},"featured_media":104875,"comment_status":"closed","ping_status":"closed","template":"","meta":[],"product_brand":[],"product_cat":[1277,1297],"product_tag":[],"class_list":{"0":"post-68621","1":"product","2":"type-product","3":"status-publish","4":"has-post-thumbnail","6":"product_cat-divers-principal","7":"product_cat-non-palettisable","8":"product_shipping_class-free-shipping","10":"first","11":"instock","12":"featured","13":"taxable","14":"shipping-taxable","15":"purchasable","16":"product-type-simple"},"_links":{"self":[{"href":"https:\/\/abinox-chr-clim.com\/index.php\/wp-json\/wp\/v2\/product\/68621","targetHints":{"allow":["GET"]}}],"collection":[{"href":"https:\/\/abinox-chr-clim.com\/index.php\/wp-json\/wp\/v2\/product"}],"about":[{"href":"https:\/\/abinox-chr-clim.com\/index.php\/wp-json\/wp\/v2\/types\/product"}],"replies":[{"embeddable":true,"href":"https:\/\/abinox-chr-clim.com\/index.php\/wp-json\/wp\/v2\/comments?post=68621"}],"wp:featuredmedia":[{"embeddable":true,"href":"https:\/\/abinox-chr-clim.com\/index.php\/wp-json\/wp\/v2\/media\/104875"}],"wp:attachment":[{"href":"https:\/\/abinox-chr-clim.com\/index.php\/wp-json\/wp\/v2\/media?parent=68621"}],"wp:term":[{"taxonomy":"product_brand","embeddable":true,"href":"https:\/\/abinox-chr-clim.com\/index.php\/wp-json\/wp\/v2\/product_brand?post=68621"},{"taxonomy":"product_cat","embeddable":true,"href":"https:\/\/abinox-chr-clim.com\/index.php\/wp-json\/wp\/v2\/product_cat?post=68621"},{"taxonomy":"product_tag","embeddable":true,"href":"https:\/\/abinox-chr-clim.com\/index.php\/wp-json\/wp\/v2\/product_tag?post=68621"}],"curies":[{"name":"wp","href":"https:\/\/api.w.org\/{rel}","templated":true}]}}