{"id":68525,"date":"2024-03-22T16:11:50","date_gmt":"2024-03-22T15:11:50","guid":{"rendered":"https:\/\/abinox-chr-clim.com\/index.php\/product\/louche-ordinaire-vogue-65ml\/"},"modified":"2026-04-02T09:00:48","modified_gmt":"2026-04-02T07:00:48","slug":"louche-ordinaire-vogue-65ml","status":"publish","type":"product","link":"https:\/\/abinox-chr-clim.com\/index.php\/product\/louche-ordinaire-vogue-65ml\/","title":{"rendered":"Louche ordinaire Vogue 65ml"},"content":{"rendered":"<p>Capacit\u00e9 de 65 ml pour des portions r\u00e9guli\u00e8res. Les portions r\u00e9guli\u00e8res facilitent le contr\u00f4le des stocks. L&rsquo;acier inoxydable est durable. Poign\u00e9e \u00e0 crochet pour un rangement polyvalent. Lavable au lave-vaisselle pour un nettoyage facile.  Capacit\u00e9 de 65 ml pour des portions r\u00e9guli\u00e8res.<\/p>\n<p>Caract\u00e9ristiques :<br \/> Capacit\u00e9 : 65ml.<br \/> Dimensions : 305(L)mm.<br \/> Mati\u00e8re : Acier inoxydable<\/p>\n","protected":false},"excerpt":{"rendered":"<p>Louche ordinaire Vogue 65ml<\/p>\n","protected":false},"featured_media":104765,"comment_status":"closed","ping_status":"closed","template":"","meta":[],"product_brand":[],"product_cat":[1064,1297,1098,1104],"product_tag":[],"class_list":{"0":"post-68525","1":"product","2":"type-product","3":"status-publish","4":"has-post-thumbnail","6":"product_cat-cuisine","7":"product_cat-non-palettisable","8":"product_cat-ustensiles-cuisine","9":"product_cat-ustensiles-de-cuisine","10":"product_shipping_class-free-shipping","12":"first","13":"instock","14":"featured","15":"taxable","16":"shipping-taxable","17":"purchasable","18":"product-type-simple"},"_links":{"self":[{"href":"https:\/\/abinox-chr-clim.com\/index.php\/wp-json\/wp\/v2\/product\/68525","targetHints":{"allow":["GET"]}}],"collection":[{"href":"https:\/\/abinox-chr-clim.com\/index.php\/wp-json\/wp\/v2\/product"}],"about":[{"href":"https:\/\/abinox-chr-clim.com\/index.php\/wp-json\/wp\/v2\/types\/product"}],"replies":[{"embeddable":true,"href":"https:\/\/abinox-chr-clim.com\/index.php\/wp-json\/wp\/v2\/comments?post=68525"}],"wp:featuredmedia":[{"embeddable":true,"href":"https:\/\/abinox-chr-clim.com\/index.php\/wp-json\/wp\/v2\/media\/104765"}],"wp:attachment":[{"href":"https:\/\/abinox-chr-clim.com\/index.php\/wp-json\/wp\/v2\/media?parent=68525"}],"wp:term":[{"taxonomy":"product_brand","embeddable":true,"href":"https:\/\/abinox-chr-clim.com\/index.php\/wp-json\/wp\/v2\/product_brand?post=68525"},{"taxonomy":"product_cat","embeddable":true,"href":"https:\/\/abinox-chr-clim.com\/index.php\/wp-json\/wp\/v2\/product_cat?post=68525"},{"taxonomy":"product_tag","embeddable":true,"href":"https:\/\/abinox-chr-clim.com\/index.php\/wp-json\/wp\/v2\/product_tag?post=68525"}],"curies":[{"name":"wp","href":"https:\/\/api.w.org\/{rel}","templated":true}]}}