{"id":68511,"date":"2024-03-22T16:11:45","date_gmt":"2024-03-22T15:11:45","guid":{"rendered":"https:\/\/abinox-chr-clim.com\/index.php\/product\/siphon-a-chantilly-isi-500ml\/"},"modified":"2026-04-02T09:14:18","modified_gmt":"2026-04-02T07:14:18","slug":"siphon-a-chantilly-isi-500ml","status":"publish","type":"product","link":"https:\/\/abinox-chr-clim.com\/index.php\/product\/siphon-a-chantilly-isi-500ml\/","title":{"rendered":"Siphon \u00e0 chantilly ISI 500ml"},"content":{"rendered":"<p>Siphon \u00e0 chantilly en acier inoxydable. Nettoyage hygi\u00e9nique rapide apr\u00e8s chaque utilisation. Livr\u00e9 avec un embout. Lavable au lave-vaisselle. Recharges non livrables en Corse et dans les \u00eeles.<br \/>Conception solide en acier inoxydable &#8211; tr\u00e8s durable.Cartouches faciles \u00e0 changer (vendues s\u00e9par\u00e9ment). Nettoyage hygi\u00e9nique rapide apr\u00e8s chaque utilisation &#8211; r\u00e9utilisation rapide. Aide \u00e0 am\u00e9liorer la pr\u00e9sentation des desserts et des boissons chaudes. Peut \u00e9galement \u00eatre nettoy\u00e9 au lave-vaisselle.Conception solide en acier inoxydable &#8211; tr\u00e8s durable.<\/p>\n<p>Caract\u00e9ristiques :<br \/> Capacit\u00e9 : 50 cl.<br \/> Mati\u00e8re : Inox.<br \/> Couleur : Argent.<\/p>\n","protected":false},"excerpt":{"rendered":"<p>Siphon \u00e0 chantilly ISI 500ml<\/p>\n","protected":false},"featured_media":104546,"comment_status":"closed","ping_status":"closed","template":"","meta":[],"product_brand":[],"product_cat":[1064,1297,1098,1104],"product_tag":[],"class_list":{"0":"post-68511","1":"product","2":"type-product","3":"status-publish","4":"has-post-thumbnail","6":"product_cat-cuisine","7":"product_cat-non-palettisable","8":"product_cat-ustensiles-cuisine","9":"product_cat-ustensiles-de-cuisine","10":"product_shipping_class-free-shipping","12":"first","13":"instock","14":"featured","15":"taxable","16":"shipping-taxable","17":"purchasable","18":"product-type-simple"},"_links":{"self":[{"href":"https:\/\/abinox-chr-clim.com\/index.php\/wp-json\/wp\/v2\/product\/68511","targetHints":{"allow":["GET"]}}],"collection":[{"href":"https:\/\/abinox-chr-clim.com\/index.php\/wp-json\/wp\/v2\/product"}],"about":[{"href":"https:\/\/abinox-chr-clim.com\/index.php\/wp-json\/wp\/v2\/types\/product"}],"replies":[{"embeddable":true,"href":"https:\/\/abinox-chr-clim.com\/index.php\/wp-json\/wp\/v2\/comments?post=68511"}],"wp:featuredmedia":[{"embeddable":true,"href":"https:\/\/abinox-chr-clim.com\/index.php\/wp-json\/wp\/v2\/media\/104546"}],"wp:attachment":[{"href":"https:\/\/abinox-chr-clim.com\/index.php\/wp-json\/wp\/v2\/media?parent=68511"}],"wp:term":[{"taxonomy":"product_brand","embeddable":true,"href":"https:\/\/abinox-chr-clim.com\/index.php\/wp-json\/wp\/v2\/product_brand?post=68511"},{"taxonomy":"product_cat","embeddable":true,"href":"https:\/\/abinox-chr-clim.com\/index.php\/wp-json\/wp\/v2\/product_cat?post=68511"},{"taxonomy":"product_tag","embeddable":true,"href":"https:\/\/abinox-chr-clim.com\/index.php\/wp-json\/wp\/v2\/product_tag?post=68511"}],"curies":[{"name":"wp","href":"https:\/\/api.w.org\/{rel}","templated":true}]}}