{"id":68505,"date":"2024-03-22T16:11:43","date_gmt":"2024-03-22T15:11:43","guid":{"rendered":"https:\/\/abinox-chr-clim.com\/index.php\/product\/fouet-leger-vogue-250mm\/"},"modified":"2026-04-02T08:57:58","modified_gmt":"2026-04-02T06:57:58","slug":"fouet-leger-vogue-250mm","status":"publish","type":"product","link":"https:\/\/abinox-chr-clim.com\/index.php\/product\/fouet-leger-vogue-250mm\/","title":{"rendered":"Fouet l\u00e9ger Vogue 250mm"},"content":{"rendered":"<p>12 fils permettent de fouetter et de battre les ingr\u00e9dients facilement. La base scell\u00e9e en plastique emp\u00eache les liquides de p\u00e9n\u00e9trer dans les poches. Poign\u00e9e d&rsquo;une seule pi\u00e8ce sans couture pour une prise en main confortable. 12 fils permettent de fouetter et de battre les ingr\u00e9dients facilement.<\/p>\n<p>Caract\u00e9ristiques :<br \/> Dimensions : 250(L) mm.<br \/> Mati\u00e8re : Inox.<br \/> Couleur : Argent.<\/p>\n","protected":false},"excerpt":{"rendered":"<p>Fouet l\u00e9ger Vogue 250mm<\/p>\n","protected":false},"featured_media":104529,"comment_status":"closed","ping_status":"closed","template":"","meta":[],"product_brand":[],"product_cat":[1064,1297,1098,1104],"product_tag":[],"class_list":{"0":"post-68505","1":"product","2":"type-product","3":"status-publish","4":"has-post-thumbnail","6":"product_cat-cuisine","7":"product_cat-non-palettisable","8":"product_cat-ustensiles-cuisine","9":"product_cat-ustensiles-de-cuisine","10":"product_shipping_class-free-shipping","12":"first","13":"instock","14":"featured","15":"taxable","16":"shipping-taxable","17":"purchasable","18":"product-type-simple"},"_links":{"self":[{"href":"https:\/\/abinox-chr-clim.com\/index.php\/wp-json\/wp\/v2\/product\/68505","targetHints":{"allow":["GET"]}}],"collection":[{"href":"https:\/\/abinox-chr-clim.com\/index.php\/wp-json\/wp\/v2\/product"}],"about":[{"href":"https:\/\/abinox-chr-clim.com\/index.php\/wp-json\/wp\/v2\/types\/product"}],"replies":[{"embeddable":true,"href":"https:\/\/abinox-chr-clim.com\/index.php\/wp-json\/wp\/v2\/comments?post=68505"}],"wp:featuredmedia":[{"embeddable":true,"href":"https:\/\/abinox-chr-clim.com\/index.php\/wp-json\/wp\/v2\/media\/104529"}],"wp:attachment":[{"href":"https:\/\/abinox-chr-clim.com\/index.php\/wp-json\/wp\/v2\/media?parent=68505"}],"wp:term":[{"taxonomy":"product_brand","embeddable":true,"href":"https:\/\/abinox-chr-clim.com\/index.php\/wp-json\/wp\/v2\/product_brand?post=68505"},{"taxonomy":"product_cat","embeddable":true,"href":"https:\/\/abinox-chr-clim.com\/index.php\/wp-json\/wp\/v2\/product_cat?post=68505"},{"taxonomy":"product_tag","embeddable":true,"href":"https:\/\/abinox-chr-clim.com\/index.php\/wp-json\/wp\/v2\/product_tag?post=68505"}],"curies":[{"name":"wp","href":"https:\/\/api.w.org\/{rel}","templated":true}]}}