{"id":68465,"date":"2024-03-22T16:11:23","date_gmt":"2024-03-22T15:11:23","guid":{"rendered":"https:\/\/abinox-chr-clim.com\/index.php\/product\/panier-a-spaghetti-inox-vogue\/"},"modified":"2026-04-02T08:55:43","modified_gmt":"2026-04-02T06:55:43","slug":"panier-a-spaghetti-inox-vogue","status":"publish","type":"product","link":"https:\/\/abinox-chr-clim.com\/index.php\/product\/panier-a-spaghetti-inox-vogue\/","title":{"rendered":"Panier \u00e0 spaghetti inox Vogue"},"content":{"rendered":"<p>Acier inoxydable.<br \/>La conception perfor\u00e9e permet un \u00e9gouttage rapide pour acc\u00e9l\u00e9rer la pr\u00e9paration des aliments. Id\u00e9al pour contr\u00f4ler la taille des portions et maximiser les profits. La poign\u00e9e longue et robuste maintient les mains \u00e0 une distance s\u00fbre de la chaleur \u00e9lev\u00e9e. Id\u00e9al pour r\u00e9chauffer des l\u00e9gumes ou faire frire de petits aliments. Fabriqu\u00e9 en acier inoxydable durable pour un service de longue dur\u00e9e. Peut \u00eatre suspendu par la poign\u00e9e pour un rangement pratique. Lavable au lave-vaisselle pour un nettoyage rapide et facile. Peut \u00eatre utilis\u00e9 avec la marmite de bain-marie Matfer Bourgeat (K762).La conception perfor\u00e9e permet un \u00e9gouttage rapide pour acc\u00e9l\u00e9rer la pr\u00e9paration des aliments.<\/p>\n<p>Caract\u00e9ristiques :<br \/> Dimensions : 165(H) mm.<br \/> Mati\u00e8re : Inox.<br \/> Couleur : Argent.<\/p>\n","protected":false},"excerpt":{"rendered":"<p>Panier \u00e0 spaghetti inox Vogue<\/p>\n","protected":false},"featured_media":104347,"comment_status":"closed","ping_status":"closed","template":"","meta":[],"product_brand":[],"product_cat":[1064,1297,1098,1104],"product_tag":[],"class_list":{"0":"post-68465","1":"product","2":"type-product","3":"status-publish","4":"has-post-thumbnail","6":"product_cat-cuisine","7":"product_cat-non-palettisable","8":"product_cat-ustensiles-cuisine","9":"product_cat-ustensiles-de-cuisine","10":"product_shipping_class-free-shipping","12":"first","13":"instock","14":"featured","15":"taxable","16":"shipping-taxable","17":"purchasable","18":"product-type-simple"},"_links":{"self":[{"href":"https:\/\/abinox-chr-clim.com\/index.php\/wp-json\/wp\/v2\/product\/68465","targetHints":{"allow":["GET"]}}],"collection":[{"href":"https:\/\/abinox-chr-clim.com\/index.php\/wp-json\/wp\/v2\/product"}],"about":[{"href":"https:\/\/abinox-chr-clim.com\/index.php\/wp-json\/wp\/v2\/types\/product"}],"replies":[{"embeddable":true,"href":"https:\/\/abinox-chr-clim.com\/index.php\/wp-json\/wp\/v2\/comments?post=68465"}],"wp:featuredmedia":[{"embeddable":true,"href":"https:\/\/abinox-chr-clim.com\/index.php\/wp-json\/wp\/v2\/media\/104347"}],"wp:attachment":[{"href":"https:\/\/abinox-chr-clim.com\/index.php\/wp-json\/wp\/v2\/media?parent=68465"}],"wp:term":[{"taxonomy":"product_brand","embeddable":true,"href":"https:\/\/abinox-chr-clim.com\/index.php\/wp-json\/wp\/v2\/product_brand?post=68465"},{"taxonomy":"product_cat","embeddable":true,"href":"https:\/\/abinox-chr-clim.com\/index.php\/wp-json\/wp\/v2\/product_cat?post=68465"},{"taxonomy":"product_tag","embeddable":true,"href":"https:\/\/abinox-chr-clim.com\/index.php\/wp-json\/wp\/v2\/product_tag?post=68465"}],"curies":[{"name":"wp","href":"https:\/\/api.w.org\/{rel}","templated":true}]}}