{"id":68461,"date":"2024-03-22T16:11:21","date_gmt":"2024-03-22T15:11:21","guid":{"rendered":"https:\/\/abinox-chr-clim.com\/index.php\/product\/ecumoire-vogue-200mm\/"},"modified":"2026-04-02T08:55:38","modified_gmt":"2026-04-02T06:55:38","slug":"ecumoire-vogue-200mm","status":"publish","type":"product","link":"https:\/\/abinox-chr-clim.com\/index.php\/product\/ecumoire-vogue-200mm\/","title":{"rendered":"Ecumoire Vogue 200mm"},"content":{"rendered":"<p>Acier inoxydable. Maille fine ronde.<br \/>La longue poign\u00e9e \u00e9loigne les mains de l&rsquo;huile chaude. T\u00eate de 200 mm pour retirer de grandes quantit\u00e9s d&rsquo;aliments \u00e0 la fois. L&rsquo;acier inoxydable est durable. Essuyable pour un nettoyage facile. La longue poign\u00e9e \u00e9loigne les mains de l&rsquo;huile chaude.<\/p>\n<p>Caract\u00e9ristiques :<br \/> Dimensions : 200(\u00d8)x 675(L)mm.<br \/> Mati\u00e8re : Acier inoxydable.<br \/> Couleur : Argent.<\/p>\n","protected":false},"excerpt":{"rendered":"<p>Ecumoire Vogue 200mm<\/p>\n","protected":false},"featured_media":104340,"comment_status":"closed","ping_status":"closed","template":"","meta":[],"product_brand":[],"product_cat":[1064,1297,1098,1104],"product_tag":[],"class_list":{"0":"post-68461","1":"product","2":"type-product","3":"status-publish","4":"has-post-thumbnail","6":"product_cat-cuisine","7":"product_cat-non-palettisable","8":"product_cat-ustensiles-cuisine","9":"product_cat-ustensiles-de-cuisine","10":"product_shipping_class-free-shipping","12":"first","13":"instock","14":"featured","15":"taxable","16":"shipping-taxable","17":"purchasable","18":"product-type-simple"},"_links":{"self":[{"href":"https:\/\/abinox-chr-clim.com\/index.php\/wp-json\/wp\/v2\/product\/68461","targetHints":{"allow":["GET"]}}],"collection":[{"href":"https:\/\/abinox-chr-clim.com\/index.php\/wp-json\/wp\/v2\/product"}],"about":[{"href":"https:\/\/abinox-chr-clim.com\/index.php\/wp-json\/wp\/v2\/types\/product"}],"replies":[{"embeddable":true,"href":"https:\/\/abinox-chr-clim.com\/index.php\/wp-json\/wp\/v2\/comments?post=68461"}],"wp:featuredmedia":[{"embeddable":true,"href":"https:\/\/abinox-chr-clim.com\/index.php\/wp-json\/wp\/v2\/media\/104340"}],"wp:attachment":[{"href":"https:\/\/abinox-chr-clim.com\/index.php\/wp-json\/wp\/v2\/media?parent=68461"}],"wp:term":[{"taxonomy":"product_brand","embeddable":true,"href":"https:\/\/abinox-chr-clim.com\/index.php\/wp-json\/wp\/v2\/product_brand?post=68461"},{"taxonomy":"product_cat","embeddable":true,"href":"https:\/\/abinox-chr-clim.com\/index.php\/wp-json\/wp\/v2\/product_cat?post=68461"},{"taxonomy":"product_tag","embeddable":true,"href":"https:\/\/abinox-chr-clim.com\/index.php\/wp-json\/wp\/v2\/product_tag?post=68461"}],"curies":[{"name":"wp","href":"https:\/\/api.w.org\/{rel}","templated":true}]}}