{"id":68414,"date":"2024-03-22T16:11:01","date_gmt":"2024-03-22T15:11:01","guid":{"rendered":"https:\/\/abinox-chr-clim.com\/index.php\/product\/spatule-matfer-bourgeat-exoglass-305mm\/"},"modified":"2026-04-02T08:53:51","modified_gmt":"2026-04-02T06:53:51","slug":"spatule-matfer-bourgeat-exoglass-305mm","status":"publish","type":"product","link":"https:\/\/abinox-chr-clim.com\/index.php\/product\/spatule-matfer-bourgeat-exoglass-305mm\/","title":{"rendered":"Spatule Matfer Bourgeat Exoglass 305mm"},"content":{"rendered":"<p>Le mat\u00e9riau Exoglass r\u00e9siste \u00e0 des temp\u00e9ratures allant jusqu&rsquo;\u00e0 220\u00b0C. Il est adapt\u00e9 \u00e0 de nombreuses t\u00e2ches de cuisson, y compris le travail du sucre et la caram\u00e9lisation.<br \/>R\u00e9siste \u00e0 une temp\u00e9rature pouvant aller jusqu&rsquo;\u00e0 220\u00b0C. R\u00e9siste \u00e0 une temp\u00e9rature pouvant aller jusqu&rsquo;\u00e0 220\u00b0C. .<br \/> Caract\u00e9ristiques :<br \/> Dimensions : 305(L) mm.<br \/> Mati\u00e8re : Exoglass.<br \/> Couleur : Blanc.<\/p>\n","protected":false},"excerpt":{"rendered":"<p>Spatule Matfer Bourgeat Exoglass 305mm<\/p>\n","protected":false},"featured_media":104192,"comment_status":"closed","ping_status":"closed","template":"","meta":[],"product_brand":[],"product_cat":[1064,1297,1098,1104],"product_tag":[],"class_list":{"0":"post-68414","1":"product","2":"type-product","3":"status-publish","4":"has-post-thumbnail","6":"product_cat-cuisine","7":"product_cat-non-palettisable","8":"product_cat-ustensiles-cuisine","9":"product_cat-ustensiles-de-cuisine","10":"product_shipping_class-free-shipping","12":"first","13":"instock","14":"featured","15":"taxable","16":"shipping-taxable","17":"purchasable","18":"product-type-simple"},"_links":{"self":[{"href":"https:\/\/abinox-chr-clim.com\/index.php\/wp-json\/wp\/v2\/product\/68414","targetHints":{"allow":["GET"]}}],"collection":[{"href":"https:\/\/abinox-chr-clim.com\/index.php\/wp-json\/wp\/v2\/product"}],"about":[{"href":"https:\/\/abinox-chr-clim.com\/index.php\/wp-json\/wp\/v2\/types\/product"}],"replies":[{"embeddable":true,"href":"https:\/\/abinox-chr-clim.com\/index.php\/wp-json\/wp\/v2\/comments?post=68414"}],"wp:featuredmedia":[{"embeddable":true,"href":"https:\/\/abinox-chr-clim.com\/index.php\/wp-json\/wp\/v2\/media\/104192"}],"wp:attachment":[{"href":"https:\/\/abinox-chr-clim.com\/index.php\/wp-json\/wp\/v2\/media?parent=68414"}],"wp:term":[{"taxonomy":"product_brand","embeddable":true,"href":"https:\/\/abinox-chr-clim.com\/index.php\/wp-json\/wp\/v2\/product_brand?post=68414"},{"taxonomy":"product_cat","embeddable":true,"href":"https:\/\/abinox-chr-clim.com\/index.php\/wp-json\/wp\/v2\/product_cat?post=68414"},{"taxonomy":"product_tag","embeddable":true,"href":"https:\/\/abinox-chr-clim.com\/index.php\/wp-json\/wp\/v2\/product_tag?post=68414"}],"curies":[{"name":"wp","href":"https:\/\/api.w.org\/{rel}","templated":true}]}}