{"id":68370,"date":"2024-03-22T16:10:40","date_gmt":"2024-03-22T15:10:40","guid":{"rendered":"https:\/\/abinox-chr-clim.com\/index.php\/product\/essoreuse-a-salade-et-herbes-oxo-good-grips\/"},"modified":"2026-04-02T08:50:22","modified_gmt":"2026-04-02T06:50:22","slug":"essoreuse-a-salade-et-herbes-oxo-good-grips","status":"publish","type":"product","link":"https:\/\/abinox-chr-clim.com\/index.php\/product\/essoreuse-a-salade-et-herbes-oxo-good-grips\/","title":{"rendered":"Essoreuse \u00e0 salade et herbes OXO Good Grips"},"content":{"rendered":"<p>Une petite essoreusse id\u00e9ale pour les petites quantit\u00e9s de salade, tout comme pour les herbes et les baies. Essorez sans effort gr\u00e2ce \u00e0 son syt\u00e8me \u00e0 piston, pressez , c&rsquo;est essor\u00e9. L&rsquo;essoreuse poss\u00e8de aussi un frein pour faire cesser la rotation.  Le socle en caoutchouc offre une stabilit\u00e9 parfaite lors de l&rsquo;utilisation.<br \/>Le bouton se verrouille vers le bas pour faciliter le rangement. Le panier et le saladier peuvent \u00eatre utilis\u00e9s s\u00e9par\u00e9ment.M\u00e9canisme de frein.Panier lavable au lave-vaisselle. Le bouton se verrouille vers le bas pour faciliter le rangement. .<br \/> Caract\u00e9ristiques :<br \/> Capacit\u00e9 : 2.8L.<br \/> Dimensions : 177(H) x 200(\u00d8) mm.<br \/> Mati\u00e8re : Plastique.<br \/> Couleur : Transparent.<\/p>\n","protected":false},"excerpt":{"rendered":"<p>Essoreuse \u00e0 salade et herbes OXO Good Grips<\/p>\n","protected":false},"featured_media":101549,"comment_status":"closed","ping_status":"closed","template":"","meta":[],"product_brand":[],"product_cat":[1064,1297,1098,1104],"product_tag":[],"class_list":{"0":"post-68370","1":"product","2":"type-product","3":"status-publish","4":"has-post-thumbnail","6":"product_cat-cuisine","7":"product_cat-non-palettisable","8":"product_cat-ustensiles-cuisine","9":"product_cat-ustensiles-de-cuisine","10":"product_shipping_class-free-shipping","12":"first","13":"instock","14":"featured","15":"taxable","16":"shipping-taxable","17":"purchasable","18":"product-type-simple"},"_links":{"self":[{"href":"https:\/\/abinox-chr-clim.com\/index.php\/wp-json\/wp\/v2\/product\/68370","targetHints":{"allow":["GET"]}}],"collection":[{"href":"https:\/\/abinox-chr-clim.com\/index.php\/wp-json\/wp\/v2\/product"}],"about":[{"href":"https:\/\/abinox-chr-clim.com\/index.php\/wp-json\/wp\/v2\/types\/product"}],"replies":[{"embeddable":true,"href":"https:\/\/abinox-chr-clim.com\/index.php\/wp-json\/wp\/v2\/comments?post=68370"}],"wp:featuredmedia":[{"embeddable":true,"href":"https:\/\/abinox-chr-clim.com\/index.php\/wp-json\/wp\/v2\/media\/101549"}],"wp:attachment":[{"href":"https:\/\/abinox-chr-clim.com\/index.php\/wp-json\/wp\/v2\/media?parent=68370"}],"wp:term":[{"taxonomy":"product_brand","embeddable":true,"href":"https:\/\/abinox-chr-clim.com\/index.php\/wp-json\/wp\/v2\/product_brand?post=68370"},{"taxonomy":"product_cat","embeddable":true,"href":"https:\/\/abinox-chr-clim.com\/index.php\/wp-json\/wp\/v2\/product_cat?post=68370"},{"taxonomy":"product_tag","embeddable":true,"href":"https:\/\/abinox-chr-clim.com\/index.php\/wp-json\/wp\/v2\/product_tag?post=68370"}],"curies":[{"name":"wp","href":"https:\/\/api.w.org\/{rel}","templated":true}]}}