{"id":68359,"date":"2024-03-22T16:10:36","date_gmt":"2024-03-22T15:10:36","guid":{"rendered":"https:\/\/abinox-chr-clim.com\/index.php\/product\/portionneur-a-glace-zeroll-24-portions\/"},"modified":"2026-04-02T08:47:40","modified_gmt":"2026-04-02T06:47:40","slug":"portionneur-a-glace-zeroll-24-portions","status":"publish","type":"product","link":"https:\/\/abinox-chr-clim.com\/index.php\/product\/portionneur-a-glace-zeroll-24-portions\/","title":{"rendered":"Portionneur \u00e0 glace Zeroll 24 portions"},"content":{"rendered":"<p>Portionneurs \u00e0 glace \u00e0 manche creux contenant un liquide d\u00e9givrant qui se r\u00e9chauffe au contact de la paume de la main. Pastilles codes couleurs aidant \u00e0 identifier le nombre de portions par litre. Ne passent pas au lave-vaisselle.<br \/>Hautement poli. Boule parfaite \u00e0 chaque fois. Incompatible lave-vaisselle. Hautement poli.<\/p>\n<p>Caract\u00e9ristiques :<br \/> Mati\u00e8re : Aluminium.<br \/> Couleur : Argent.<\/p>\n","protected":false},"excerpt":{"rendered":"<p>Portionneur \u00e0 glace Zeroll 24 portions<\/p>\n","protected":false},"featured_media":101267,"comment_status":"closed","ping_status":"closed","template":"","meta":[],"product_brand":[],"product_cat":[1064,1297,1098,1104],"product_tag":[],"class_list":{"0":"post-68359","1":"product","2":"type-product","3":"status-publish","4":"has-post-thumbnail","6":"product_cat-cuisine","7":"product_cat-non-palettisable","8":"product_cat-ustensiles-cuisine","9":"product_cat-ustensiles-de-cuisine","10":"product_shipping_class-free-shipping","12":"first","13":"instock","14":"featured","15":"taxable","16":"shipping-taxable","17":"purchasable","18":"product-type-simple"},"_links":{"self":[{"href":"https:\/\/abinox-chr-clim.com\/index.php\/wp-json\/wp\/v2\/product\/68359","targetHints":{"allow":["GET"]}}],"collection":[{"href":"https:\/\/abinox-chr-clim.com\/index.php\/wp-json\/wp\/v2\/product"}],"about":[{"href":"https:\/\/abinox-chr-clim.com\/index.php\/wp-json\/wp\/v2\/types\/product"}],"replies":[{"embeddable":true,"href":"https:\/\/abinox-chr-clim.com\/index.php\/wp-json\/wp\/v2\/comments?post=68359"}],"wp:featuredmedia":[{"embeddable":true,"href":"https:\/\/abinox-chr-clim.com\/index.php\/wp-json\/wp\/v2\/media\/101267"}],"wp:attachment":[{"href":"https:\/\/abinox-chr-clim.com\/index.php\/wp-json\/wp\/v2\/media?parent=68359"}],"wp:term":[{"taxonomy":"product_brand","embeddable":true,"href":"https:\/\/abinox-chr-clim.com\/index.php\/wp-json\/wp\/v2\/product_brand?post=68359"},{"taxonomy":"product_cat","embeddable":true,"href":"https:\/\/abinox-chr-clim.com\/index.php\/wp-json\/wp\/v2\/product_cat?post=68359"},{"taxonomy":"product_tag","embeddable":true,"href":"https:\/\/abinox-chr-clim.com\/index.php\/wp-json\/wp\/v2\/product_tag?post=68359"}],"curies":[{"name":"wp","href":"https:\/\/api.w.org\/{rel}","templated":true}]}}