{"id":68313,"date":"2024-03-22T16:10:13","date_gmt":"2024-03-22T15:10:13","guid":{"rendered":"https:\/\/abinox-chr-clim.com\/index.php\/product\/mandoline-kobra-de-buyer\/"},"modified":"2026-04-02T08:42:15","modified_gmt":"2026-04-02T06:42:15","slug":"mandoline-kobra-de-buyer","status":"publish","type":"product","link":"https:\/\/abinox-chr-clim.com\/index.php\/product\/mandoline-kobra-de-buyer\/","title":{"rendered":"Mandoline Kobra De Buyer"},"content":{"rendered":"<p>Mandoline avec poign\u00e9e en silicone et lame en acier inoxydable. 800(L) x 368(l)mm.<br \/>Lame en V crant\u00e9e : la lame p\u00e9n\u00e8tre facilement dans le produit. Angle de coupe optimis\u00e9 \u00e0 19.3\u00b0.Coupe tous les fruits et l\u00e9gumes m\u00eames les plus mous (tomates, poires, etc.). Les micro-dentelures de la lame permettent de couper plus facilement tous les fruits\/l\u00e9gumes en tranches tr\u00e8s fines, tout en pr\u00e9servant la constitution de leur chair.Poign\u00e9e anti-glisse surmoul\u00e9e en silicone pour prise en main s\u00fbre.R\u00e9glage de l&rsquo;\u00e9paisseur facile par molette.Fabriqu\u00e9e en France. Lame en V crant\u00e9e : la lame p\u00e9n\u00e8tre facilement dans le produit. Angle de coupe optimis\u00e9 \u00e0 19.3\u00b0. .<br \/> Caract\u00e9ristiques :<br \/> Dimensions : 85(H) x 122(L) x 365(L) mm.<br \/> Mati\u00e8re : Inox\/ caoutchouc\/ plastique.<br \/> Couleur : Noir.<\/p>\n","protected":false},"excerpt":{"rendered":"<p>Mandoline Kobra De Buyer<\/p>\n","protected":false},"featured_media":92038,"comment_status":"closed","ping_status":"closed","template":"","meta":[],"product_brand":[],"product_cat":[1064,1297,1098,1104],"product_tag":[],"class_list":{"0":"post-68313","1":"product","2":"type-product","3":"status-publish","4":"has-post-thumbnail","6":"product_cat-cuisine","7":"product_cat-non-palettisable","8":"product_cat-ustensiles-cuisine","9":"product_cat-ustensiles-de-cuisine","10":"product_shipping_class-free-shipping","12":"first","13":"instock","14":"featured","15":"taxable","16":"shipping-taxable","17":"purchasable","18":"product-type-simple"},"_links":{"self":[{"href":"https:\/\/abinox-chr-clim.com\/index.php\/wp-json\/wp\/v2\/product\/68313","targetHints":{"allow":["GET"]}}],"collection":[{"href":"https:\/\/abinox-chr-clim.com\/index.php\/wp-json\/wp\/v2\/product"}],"about":[{"href":"https:\/\/abinox-chr-clim.com\/index.php\/wp-json\/wp\/v2\/types\/product"}],"replies":[{"embeddable":true,"href":"https:\/\/abinox-chr-clim.com\/index.php\/wp-json\/wp\/v2\/comments?post=68313"}],"wp:featuredmedia":[{"embeddable":true,"href":"https:\/\/abinox-chr-clim.com\/index.php\/wp-json\/wp\/v2\/media\/92038"}],"wp:attachment":[{"href":"https:\/\/abinox-chr-clim.com\/index.php\/wp-json\/wp\/v2\/media?parent=68313"}],"wp:term":[{"taxonomy":"product_brand","embeddable":true,"href":"https:\/\/abinox-chr-clim.com\/index.php\/wp-json\/wp\/v2\/product_brand?post=68313"},{"taxonomy":"product_cat","embeddable":true,"href":"https:\/\/abinox-chr-clim.com\/index.php\/wp-json\/wp\/v2\/product_cat?post=68313"},{"taxonomy":"product_tag","embeddable":true,"href":"https:\/\/abinox-chr-clim.com\/index.php\/wp-json\/wp\/v2\/product_tag?post=68313"}],"curies":[{"name":"wp","href":"https:\/\/api.w.org\/{rel}","templated":true}]}}