{"id":68305,"date":"2024-03-22T16:10:11","date_gmt":"2024-03-22T15:10:11","guid":{"rendered":"https:\/\/abinox-chr-clim.com\/index.php\/product\/rangement-pour-6-bouteilles-fifo\/"},"modified":"2025-06-30T09:29:56","modified_gmt":"2025-06-30T07:29:56","slug":"rangement-pour-6-bouteilles-fifo","status":"publish","type":"product","link":"https:\/\/abinox-chr-clim.com\/index.php\/product\/rangement-pour-6-bouteilles-fifo\/","title":{"rendered":"Rangement pour 6 bouteilles FIFO"},"content":{"rendered":"<p>La bouteille dispense les aliments par le bas \u00e0 l&rsquo;aide d&rsquo;une valve en silicone anti-gouttes et se remplit par le haut afin de garantir la rotation. Capuchons doseurs \u00e9galement disponibles pour distribuer une dose identique \u00e0 chaque utilisation. Livr\u00e9 avec deux bouteilles suppl\u00e9mentaires.<br \/>Convient pour GN 1\/3. Convient pour GN 1\/3.<\/p>\n<p>Caract\u00e9ristiques :<br \/> Mati\u00e8re : .<br \/> Couleur : Argent.<br \/> Bac GN : GN 1\/3XY.<\/p>\n","protected":false},"excerpt":{"rendered":"<p>Rangement pour 6 bouteilles FIFO<\/p>\n","protected":false},"featured_media":92815,"comment_status":"closed","ping_status":"closed","template":"","meta":[],"product_brand":[],"product_cat":[1064,1297,1098,1104],"product_tag":[],"class_list":{"0":"post-68305","1":"product","2":"type-product","3":"status-publish","4":"has-post-thumbnail","6":"product_cat-cuisine","7":"product_cat-non-palettisable","8":"product_cat-ustensiles-cuisine","9":"product_cat-ustensiles-de-cuisine","10":"product_shipping_class-free-shipping","12":"first","13":"outofstock","14":"featured","15":"taxable","16":"shipping-taxable","17":"purchasable","18":"product-type-simple"},"_links":{"self":[{"href":"https:\/\/abinox-chr-clim.com\/index.php\/wp-json\/wp\/v2\/product\/68305","targetHints":{"allow":["GET"]}}],"collection":[{"href":"https:\/\/abinox-chr-clim.com\/index.php\/wp-json\/wp\/v2\/product"}],"about":[{"href":"https:\/\/abinox-chr-clim.com\/index.php\/wp-json\/wp\/v2\/types\/product"}],"replies":[{"embeddable":true,"href":"https:\/\/abinox-chr-clim.com\/index.php\/wp-json\/wp\/v2\/comments?post=68305"}],"wp:featuredmedia":[{"embeddable":true,"href":"https:\/\/abinox-chr-clim.com\/index.php\/wp-json\/wp\/v2\/media\/92815"}],"wp:attachment":[{"href":"https:\/\/abinox-chr-clim.com\/index.php\/wp-json\/wp\/v2\/media?parent=68305"}],"wp:term":[{"taxonomy":"product_brand","embeddable":true,"href":"https:\/\/abinox-chr-clim.com\/index.php\/wp-json\/wp\/v2\/product_brand?post=68305"},{"taxonomy":"product_cat","embeddable":true,"href":"https:\/\/abinox-chr-clim.com\/index.php\/wp-json\/wp\/v2\/product_cat?post=68305"},{"taxonomy":"product_tag","embeddable":true,"href":"https:\/\/abinox-chr-clim.com\/index.php\/wp-json\/wp\/v2\/product_tag?post=68305"}],"curies":[{"name":"wp","href":"https:\/\/api.w.org\/{rel}","templated":true}]}}