{"id":68295,"date":"2024-03-22T16:10:07","date_gmt":"2024-03-22T15:10:07","guid":{"rendered":"https:\/\/abinox-chr-clim.com\/index.php\/product\/passoire-en-polypropylene-araven-380mm\/"},"modified":"2026-04-02T08:40:30","modified_gmt":"2026-04-02T06:40:30","slug":"passoire-en-polypropylene-araven-380mm","status":"publish","type":"product","link":"https:\/\/abinox-chr-clim.com\/index.php\/product\/passoire-en-polypropylene-araven-380mm\/","title":{"rendered":"Passoire en polypropyl\u00e8ne Araven 380mm"},"content":{"rendered":"<p>Compatibles micro-ondes, cong\u00e9lateur et lave-vaisselle.<br \/>Construction en polypropyl\u00e8ne pour faciliter le nettoyage et la r\u00e9sistance. Compatible micro-ondes, cong\u00e9lateur et lave vaisselle.Les grandes poign\u00e9es facilitent la pr\u00e9hension et la manipulation. Construction en polypropyl\u00e8ne pour faciliter le nettoyage et la r\u00e9sistance.<\/p>\n<p>Caract\u00e9ristiques :<br \/> Dimensions : 172(H) x 380(\u00d8) mm.<br \/> Mati\u00e8re : Polypropyl\u00e8ne.<br \/> Couleur : Blanc.<\/p>\n","protected":false},"excerpt":{"rendered":"<p>Passoire en polypropyl\u00e8ne Araven 380mm<\/p>\n","protected":false},"featured_media":93006,"comment_status":"closed","ping_status":"closed","template":"","meta":[],"product_brand":[],"product_cat":[1064,1297,1098,1104],"product_tag":[],"class_list":{"0":"post-68295","1":"product","2":"type-product","3":"status-publish","4":"has-post-thumbnail","6":"product_cat-cuisine","7":"product_cat-non-palettisable","8":"product_cat-ustensiles-cuisine","9":"product_cat-ustensiles-de-cuisine","10":"product_shipping_class-free-shipping","12":"first","13":"instock","14":"featured","15":"taxable","16":"shipping-taxable","17":"purchasable","18":"product-type-simple"},"_links":{"self":[{"href":"https:\/\/abinox-chr-clim.com\/index.php\/wp-json\/wp\/v2\/product\/68295","targetHints":{"allow":["GET"]}}],"collection":[{"href":"https:\/\/abinox-chr-clim.com\/index.php\/wp-json\/wp\/v2\/product"}],"about":[{"href":"https:\/\/abinox-chr-clim.com\/index.php\/wp-json\/wp\/v2\/types\/product"}],"replies":[{"embeddable":true,"href":"https:\/\/abinox-chr-clim.com\/index.php\/wp-json\/wp\/v2\/comments?post=68295"}],"wp:featuredmedia":[{"embeddable":true,"href":"https:\/\/abinox-chr-clim.com\/index.php\/wp-json\/wp\/v2\/media\/93006"}],"wp:attachment":[{"href":"https:\/\/abinox-chr-clim.com\/index.php\/wp-json\/wp\/v2\/media?parent=68295"}],"wp:term":[{"taxonomy":"product_brand","embeddable":true,"href":"https:\/\/abinox-chr-clim.com\/index.php\/wp-json\/wp\/v2\/product_brand?post=68295"},{"taxonomy":"product_cat","embeddable":true,"href":"https:\/\/abinox-chr-clim.com\/index.php\/wp-json\/wp\/v2\/product_cat?post=68295"},{"taxonomy":"product_tag","embeddable":true,"href":"https:\/\/abinox-chr-clim.com\/index.php\/wp-json\/wp\/v2\/product_tag?post=68295"}],"curies":[{"name":"wp","href":"https:\/\/api.w.org\/{rel}","templated":true}]}}