{"id":68276,"date":"2024-03-22T16:09:56","date_gmt":"2024-03-22T15:09:56","guid":{"rendered":"https:\/\/abinox-chr-clim.com\/index.php\/product\/grande-spatule-en-silicone-resistant-a-la-chaleur-vogue-grise\/"},"modified":"2026-04-02T09:33:52","modified_gmt":"2026-04-02T07:33:52","slug":"grande-spatule-en-silicone-resistant-a-la-chaleur-vogue-grise","status":"publish","type":"product","link":"https:\/\/abinox-chr-clim.com\/index.php\/product\/grande-spatule-en-silicone-resistant-a-la-chaleur-vogue-grise\/","title":{"rendered":"Grande spatule en silicone r\u00e9sistant \u00e0 la chaleur Vogue grise"},"content":{"rendered":"<p>Le silicone souple n&rsquo;ab\u00eeme pas les surfaces antiadh\u00e9sives. R\u00e9sistance \u00e0 la chaleur \u00e9lev\u00e9e de 260\u00b0C pour toutes sortes de t\u00e2ches culinaires. Le mat\u00e9riau r\u00e9sistant aux taches est facile \u00e0 conserver en parfait \u00e9tat. Trou dans la poign\u00e9e pour une option pratique de rangement suspendu. Lavable au lave-vaisselle pour gagner du temps au moment du nettoyage.  Le silicone souple n&rsquo;ab\u00eeme pas les surfaces antiadh\u00e9sives.<\/p>\n<p>Caract\u00e9ristiques :<br \/> Dimensions : 280(L)mm.<br \/> Mati\u00e8re : Silicone.<br \/> Couleur : Gris.<\/p>\n","protected":false},"excerpt":{"rendered":"<p>Grande spatule en silicone r\u00e9sistant \u00e0 la chaleur Vogue grise<\/p>\n","protected":false},"featured_media":87796,"comment_status":"closed","ping_status":"closed","template":"","meta":[],"product_brand":[],"product_cat":[1064,1297,1098,1104],"product_tag":[],"class_list":{"0":"post-68276","1":"product","2":"type-product","3":"status-publish","4":"has-post-thumbnail","6":"product_cat-cuisine","7":"product_cat-non-palettisable","8":"product_cat-ustensiles-cuisine","9":"product_cat-ustensiles-de-cuisine","10":"product_shipping_class-free-shipping","12":"first","13":"instock","14":"featured","15":"taxable","16":"shipping-taxable","17":"purchasable","18":"product-type-simple"},"_links":{"self":[{"href":"https:\/\/abinox-chr-clim.com\/index.php\/wp-json\/wp\/v2\/product\/68276","targetHints":{"allow":["GET"]}}],"collection":[{"href":"https:\/\/abinox-chr-clim.com\/index.php\/wp-json\/wp\/v2\/product"}],"about":[{"href":"https:\/\/abinox-chr-clim.com\/index.php\/wp-json\/wp\/v2\/types\/product"}],"replies":[{"embeddable":true,"href":"https:\/\/abinox-chr-clim.com\/index.php\/wp-json\/wp\/v2\/comments?post=68276"}],"wp:featuredmedia":[{"embeddable":true,"href":"https:\/\/abinox-chr-clim.com\/index.php\/wp-json\/wp\/v2\/media\/87796"}],"wp:attachment":[{"href":"https:\/\/abinox-chr-clim.com\/index.php\/wp-json\/wp\/v2\/media?parent=68276"}],"wp:term":[{"taxonomy":"product_brand","embeddable":true,"href":"https:\/\/abinox-chr-clim.com\/index.php\/wp-json\/wp\/v2\/product_brand?post=68276"},{"taxonomy":"product_cat","embeddable":true,"href":"https:\/\/abinox-chr-clim.com\/index.php\/wp-json\/wp\/v2\/product_cat?post=68276"},{"taxonomy":"product_tag","embeddable":true,"href":"https:\/\/abinox-chr-clim.com\/index.php\/wp-json\/wp\/v2\/product_tag?post=68276"}],"curies":[{"name":"wp","href":"https:\/\/api.w.org\/{rel}","templated":true}]}}