{"id":68274,"date":"2024-03-22T16:09:55","date_gmt":"2024-03-22T15:09:55","guid":{"rendered":"https:\/\/abinox-chr-clim.com\/index.php\/product\/rape-fine-microplane-gourmet\/"},"modified":"2026-04-02T09:47:02","modified_gmt":"2026-04-02T07:47:02","slug":"rape-fine-microplane-gourmet","status":"publish","type":"product","link":"https:\/\/abinox-chr-clim.com\/index.php\/product\/rape-fine-microplane-gourmet\/","title":{"rendered":"R\u00e2pe fine Microplane Gourmet"},"content":{"rendered":"<p>R\u00e2pes Microplane \u00e9l\u00e9gantes con\u00e7ues pour obtenir des textures grossi\u00e8res \u00e0 fines. Poign\u00e9e ergonomique pour une prise en main optimale et des embouts en caoutchouc antid\u00e9rapants pour plus de stabilit\u00e9.<br \/>Lame en acier inoxydable durable. Manche ergonomique doux. Extr\u00e9mit\u00e9 en caoutchouc anti-rayures. Lavable au lave-vaisselle. Etui de protection r\u00e9utilisable. Surface de r\u00e2pe exacte : 126 x 60mm. Sept styles de lames uniques disponibles dans cette s\u00e9rie.Lame en acier inoxydable durable.<\/p>\n<p>Caract\u00e9ristiques :<br \/> Dimensions : 320(H) x 70(L) x 20(P) mm.<br \/> Mati\u00e8re : Inox.<br \/> Couleur : Noir.<\/p>\n","protected":false},"excerpt":{"rendered":"<p>R\u00e2pe fine Microplane Gourmet<\/p>\n","protected":false},"featured_media":87900,"comment_status":"closed","ping_status":"closed","template":"","meta":[],"product_brand":[],"product_cat":[1064,1297,1098,1104],"product_tag":[],"class_list":{"0":"post-68274","1":"product","2":"type-product","3":"status-publish","4":"has-post-thumbnail","6":"product_cat-cuisine","7":"product_cat-non-palettisable","8":"product_cat-ustensiles-cuisine","9":"product_cat-ustensiles-de-cuisine","10":"product_shipping_class-free-shipping","12":"first","13":"instock","14":"featured","15":"taxable","16":"shipping-taxable","17":"purchasable","18":"product-type-simple"},"_links":{"self":[{"href":"https:\/\/abinox-chr-clim.com\/index.php\/wp-json\/wp\/v2\/product\/68274","targetHints":{"allow":["GET"]}}],"collection":[{"href":"https:\/\/abinox-chr-clim.com\/index.php\/wp-json\/wp\/v2\/product"}],"about":[{"href":"https:\/\/abinox-chr-clim.com\/index.php\/wp-json\/wp\/v2\/types\/product"}],"replies":[{"embeddable":true,"href":"https:\/\/abinox-chr-clim.com\/index.php\/wp-json\/wp\/v2\/comments?post=68274"}],"wp:featuredmedia":[{"embeddable":true,"href":"https:\/\/abinox-chr-clim.com\/index.php\/wp-json\/wp\/v2\/media\/87900"}],"wp:attachment":[{"href":"https:\/\/abinox-chr-clim.com\/index.php\/wp-json\/wp\/v2\/media?parent=68274"}],"wp:term":[{"taxonomy":"product_brand","embeddable":true,"href":"https:\/\/abinox-chr-clim.com\/index.php\/wp-json\/wp\/v2\/product_brand?post=68274"},{"taxonomy":"product_cat","embeddable":true,"href":"https:\/\/abinox-chr-clim.com\/index.php\/wp-json\/wp\/v2\/product_cat?post=68274"},{"taxonomy":"product_tag","embeddable":true,"href":"https:\/\/abinox-chr-clim.com\/index.php\/wp-json\/wp\/v2\/product_tag?post=68274"}],"curies":[{"name":"wp","href":"https:\/\/api.w.org\/{rel}","templated":true}]}}