{"id":68250,"date":"2024-03-22T16:09:45","date_gmt":"2024-03-22T15:09:45","guid":{"rendered":"https:\/\/abinox-chr-clim.com\/index.php\/product\/coupe-frites-tellier\/"},"modified":"2026-04-02T08:37:53","modified_gmt":"2026-04-02T06:37:53","slug":"coupe-frites-tellier","status":"publish","type":"product","link":"https:\/\/abinox-chr-clim.com\/index.php\/product\/coupe-frites-tellier\/","title":{"rendered":"Coupe-frites Tellier"},"content":{"rendered":"<p>Une machine solide fix\u00e9e sur une base en fonte lest\u00e9e avec goulotte int\u00e9gr\u00e9e. Peut \u00eatre utilis\u00e9e sur tout plan de travail. Fournie avec une grille de 10 mm et un poussoir. 340(H) x 240(L) x 435(P)mm. 635(H)mm avec levier enti\u00e8rement d\u00e9ploy\u00e9.<br \/>Fourni avec grille de 10mm et poussoir. Fourni avec grille de 10mm et poussoir. 340(H) x 250(L) x 435(P). 635(H) avec levier enti\u00e8rement d\u00e9ploy\u00e9. Fourni avec grille de 10mm et poussoir. .<br \/> Caract\u00e9ristiques :<br \/> Dimensions : 340(H) x 240(L) x 635(P) mm.<br \/> Mati\u00e8re : Fonte.<br \/> Couleur : Argent.<\/p>\n","protected":false},"excerpt":{"rendered":"<p>Coupe-frites Tellier<\/p>\n","protected":false},"featured_media":88291,"comment_status":"closed","ping_status":"closed","template":"","meta":[],"product_brand":[],"product_cat":[1064,1297,1098,1104],"product_tag":[],"class_list":{"0":"post-68250","1":"product","2":"type-product","3":"status-publish","4":"has-post-thumbnail","6":"product_cat-cuisine","7":"product_cat-non-palettisable","8":"product_cat-ustensiles-cuisine","9":"product_cat-ustensiles-de-cuisine","10":"product_shipping_class-free-shipping","12":"first","13":"instock","14":"featured","15":"taxable","16":"shipping-taxable","17":"purchasable","18":"product-type-simple"},"_links":{"self":[{"href":"https:\/\/abinox-chr-clim.com\/index.php\/wp-json\/wp\/v2\/product\/68250","targetHints":{"allow":["GET"]}}],"collection":[{"href":"https:\/\/abinox-chr-clim.com\/index.php\/wp-json\/wp\/v2\/product"}],"about":[{"href":"https:\/\/abinox-chr-clim.com\/index.php\/wp-json\/wp\/v2\/types\/product"}],"replies":[{"embeddable":true,"href":"https:\/\/abinox-chr-clim.com\/index.php\/wp-json\/wp\/v2\/comments?post=68250"}],"wp:featuredmedia":[{"embeddable":true,"href":"https:\/\/abinox-chr-clim.com\/index.php\/wp-json\/wp\/v2\/media\/88291"}],"wp:attachment":[{"href":"https:\/\/abinox-chr-clim.com\/index.php\/wp-json\/wp\/v2\/media?parent=68250"}],"wp:term":[{"taxonomy":"product_brand","embeddable":true,"href":"https:\/\/abinox-chr-clim.com\/index.php\/wp-json\/wp\/v2\/product_brand?post=68250"},{"taxonomy":"product_cat","embeddable":true,"href":"https:\/\/abinox-chr-clim.com\/index.php\/wp-json\/wp\/v2\/product_cat?post=68250"},{"taxonomy":"product_tag","embeddable":true,"href":"https:\/\/abinox-chr-clim.com\/index.php\/wp-json\/wp\/v2\/product_tag?post=68250"}],"curies":[{"name":"wp","href":"https:\/\/api.w.org\/{rel}","templated":true}]}}