{"id":68245,"date":"2024-03-22T16:09:43","date_gmt":"2024-03-22T15:09:43","guid":{"rendered":"https:\/\/abinox-chr-clim.com\/index.php\/product\/spatule-a-hamburger-vogue\/"},"modified":"2026-04-02T08:37:38","modified_gmt":"2026-04-02T06:37:38","slug":"spatule-a-hamburger-vogue","status":"publish","type":"product","link":"https:\/\/abinox-chr-clim.com\/index.php\/product\/spatule-a-hamburger-vogue\/","title":{"rendered":"Spatule \u00e0 hamburger Vogue"},"content":{"rendered":"<p>Manche en plastique avec pelle en acier inoxydable rigide.<br \/>Forme ergonomique, pour un contr\u00f4le total. La poign\u00e9e en plastique est r\u00e9sistante \u00e0 la chaleur. L&rsquo;acier inoxydable est durable. Forme ergonomique, pour un contr\u00f4le total.<\/p>\n<p>Caract\u00e9ristiques :<br \/> Dimensions : 180(L)mm.<br \/> Mati\u00e8re : Acier inoxydable.<br \/> Couleur : Noir.<\/p>\n","protected":false},"excerpt":{"rendered":"<p>Spatule \u00e0 hamburger Vogue<\/p>\n","protected":false},"featured_media":88411,"comment_status":"closed","ping_status":"closed","template":"","meta":[],"product_brand":[],"product_cat":[1064,1297,1098,1104],"product_tag":[],"class_list":{"0":"post-68245","1":"product","2":"type-product","3":"status-publish","4":"has-post-thumbnail","6":"product_cat-cuisine","7":"product_cat-non-palettisable","8":"product_cat-ustensiles-cuisine","9":"product_cat-ustensiles-de-cuisine","10":"product_shipping_class-free-shipping","12":"first","13":"instock","14":"featured","15":"taxable","16":"shipping-taxable","17":"purchasable","18":"product-type-simple"},"_links":{"self":[{"href":"https:\/\/abinox-chr-clim.com\/index.php\/wp-json\/wp\/v2\/product\/68245","targetHints":{"allow":["GET"]}}],"collection":[{"href":"https:\/\/abinox-chr-clim.com\/index.php\/wp-json\/wp\/v2\/product"}],"about":[{"href":"https:\/\/abinox-chr-clim.com\/index.php\/wp-json\/wp\/v2\/types\/product"}],"replies":[{"embeddable":true,"href":"https:\/\/abinox-chr-clim.com\/index.php\/wp-json\/wp\/v2\/comments?post=68245"}],"wp:featuredmedia":[{"embeddable":true,"href":"https:\/\/abinox-chr-clim.com\/index.php\/wp-json\/wp\/v2\/media\/88411"}],"wp:attachment":[{"href":"https:\/\/abinox-chr-clim.com\/index.php\/wp-json\/wp\/v2\/media?parent=68245"}],"wp:term":[{"taxonomy":"product_brand","embeddable":true,"href":"https:\/\/abinox-chr-clim.com\/index.php\/wp-json\/wp\/v2\/product_brand?post=68245"},{"taxonomy":"product_cat","embeddable":true,"href":"https:\/\/abinox-chr-clim.com\/index.php\/wp-json\/wp\/v2\/product_cat?post=68245"},{"taxonomy":"product_tag","embeddable":true,"href":"https:\/\/abinox-chr-clim.com\/index.php\/wp-json\/wp\/v2\/product_tag?post=68245"}],"curies":[{"name":"wp","href":"https:\/\/api.w.org\/{rel}","templated":true}]}}