{"id":68209,"date":"2024-03-22T16:09:29","date_gmt":"2024-03-22T15:09:29","guid":{"rendered":"https:\/\/abinox-chr-clim.com\/index.php\/product\/zesteur-et-rape-microplane-premium-noir\/"},"modified":"2026-04-02T09:37:57","modified_gmt":"2026-04-02T07:37:57","slug":"zesteur-et-rape-microplane-premium-noir","status":"publish","type":"product","link":"https:\/\/abinox-chr-clim.com\/index.php\/product\/zesteur-et-rape-microplane-premium-noir\/","title":{"rendered":"Zesteur et r\u00e2pe Microplane Premium noir"},"content":{"rendered":"<p>R\u00e2pes Microplane \u00e9l\u00e9gantes con\u00e7ues pour obtenir des textures grossi\u00e8res \u00e0 fines. Poign\u00e9e ergonomique pour une prise en main optimale et des embouts en caoutchouc antid\u00e9rapants pour plus de stabilit\u00e9.<br \/>Coupe les aliments avec pr\u00e9cision sans les d\u00e9chirer ou les d\u00e9chiqueter. Une d\u00e9coupe parfaite lib\u00e8re l&rsquo;ar\u00f4me, sublime les saveurs et am\u00e9liore les plats. La lame solide r\u00e2pe sans effort sans besoin d&rsquo;appuyer. La conception de la lame emp\u00eache les ingr\u00e9dients de coller ou de bloquer. Poign\u00e9e douce au toucher pour une prise en main confortable pendant les longs services. Facile \u00e0 nettoyer et \u00e0 entretenir pour un entretien durable.  Coupe les aliments avec pr\u00e9cision sans les d\u00e9chirer ou les d\u00e9chiqueter.<\/p>\n<p>Caract\u00e9ristiques :<br \/> Dimensions : 35(L) x 325(L) mm.<br \/> Mati\u00e8re : Inox.<br \/> Couleur : Noir.<\/p>\n","protected":false},"excerpt":{"rendered":"<p>Zesteur et r\u00e2pe Microplane Premium noir<\/p>\n","protected":false},"featured_media":85317,"comment_status":"closed","ping_status":"closed","template":"","meta":[],"product_brand":[],"product_cat":[1064,1297,1098,1104],"product_tag":[],"class_list":{"0":"post-68209","1":"product","2":"type-product","3":"status-publish","4":"has-post-thumbnail","6":"product_cat-cuisine","7":"product_cat-non-palettisable","8":"product_cat-ustensiles-cuisine","9":"product_cat-ustensiles-de-cuisine","10":"product_shipping_class-free-shipping","12":"first","13":"instock","14":"featured","15":"taxable","16":"shipping-taxable","17":"purchasable","18":"product-type-simple"},"_links":{"self":[{"href":"https:\/\/abinox-chr-clim.com\/index.php\/wp-json\/wp\/v2\/product\/68209","targetHints":{"allow":["GET"]}}],"collection":[{"href":"https:\/\/abinox-chr-clim.com\/index.php\/wp-json\/wp\/v2\/product"}],"about":[{"href":"https:\/\/abinox-chr-clim.com\/index.php\/wp-json\/wp\/v2\/types\/product"}],"replies":[{"embeddable":true,"href":"https:\/\/abinox-chr-clim.com\/index.php\/wp-json\/wp\/v2\/comments?post=68209"}],"wp:featuredmedia":[{"embeddable":true,"href":"https:\/\/abinox-chr-clim.com\/index.php\/wp-json\/wp\/v2\/media\/85317"}],"wp:attachment":[{"href":"https:\/\/abinox-chr-clim.com\/index.php\/wp-json\/wp\/v2\/media?parent=68209"}],"wp:term":[{"taxonomy":"product_brand","embeddable":true,"href":"https:\/\/abinox-chr-clim.com\/index.php\/wp-json\/wp\/v2\/product_brand?post=68209"},{"taxonomy":"product_cat","embeddable":true,"href":"https:\/\/abinox-chr-clim.com\/index.php\/wp-json\/wp\/v2\/product_cat?post=68209"},{"taxonomy":"product_tag","embeddable":true,"href":"https:\/\/abinox-chr-clim.com\/index.php\/wp-json\/wp\/v2\/product_tag?post=68209"}],"curies":[{"name":"wp","href":"https:\/\/api.w.org\/{rel}","templated":true}]}}