{"id":68206,"date":"2024-03-22T16:09:28","date_gmt":"2024-03-22T15:09:28","guid":{"rendered":"https:\/\/abinox-chr-clim.com\/index.php\/product\/cuillere-ajouree-deglon-sabatier-stop-glisse\/"},"modified":"2026-04-02T09:25:05","modified_gmt":"2026-04-02T07:25:05","slug":"cuillere-ajouree-deglon-sabatier-stop-glisse","status":"publish","type":"product","link":"https:\/\/abinox-chr-clim.com\/index.php\/product\/cuillere-ajouree-deglon-sabatier-stop-glisse\/","title":{"rendered":"Cuill\u00e8re ajour\u00e9e Deglon Sabatier Stop-Glisse"},"content":{"rendered":"<p>Le plan de travail et les mains restent propres. Conception ergonomique et robuste. Lavable au lave-vaisselle. R\u00e9siste \u00e0 la chaleur jusqu&rsquo;\u00e0 120\u00b0C. Manche en polypropyl\u00e8ne pour une prise en main confortable. R\u00e9pond aux pr\u00e9conisations HACCP. Acier inoxydable \/ polypropyl\u00e8ne.Le plan de travail et les mains restent propres.<\/p>\n<p>Caract\u00e9ristiques :<br \/> Dimensions : 65(l) x 320(L)mm.<br \/> Mati\u00e8re : Inox et polypropyl\u00e8ne<\/p>\n","protected":false},"excerpt":{"rendered":"<p>Cuill\u00e8re ajour\u00e9e Deglon Sabatier Stop-Glisse<\/p>\n","protected":false},"featured_media":84615,"comment_status":"closed","ping_status":"closed","template":"","meta":[],"product_brand":[],"product_cat":[1064,1297,1098,1104],"product_tag":[],"class_list":{"0":"post-68206","1":"product","2":"type-product","3":"status-publish","4":"has-post-thumbnail","6":"product_cat-cuisine","7":"product_cat-non-palettisable","8":"product_cat-ustensiles-cuisine","9":"product_cat-ustensiles-de-cuisine","10":"product_shipping_class-free-shipping","12":"first","13":"instock","14":"featured","15":"taxable","16":"shipping-taxable","17":"purchasable","18":"product-type-simple"},"_links":{"self":[{"href":"https:\/\/abinox-chr-clim.com\/index.php\/wp-json\/wp\/v2\/product\/68206","targetHints":{"allow":["GET"]}}],"collection":[{"href":"https:\/\/abinox-chr-clim.com\/index.php\/wp-json\/wp\/v2\/product"}],"about":[{"href":"https:\/\/abinox-chr-clim.com\/index.php\/wp-json\/wp\/v2\/types\/product"}],"replies":[{"embeddable":true,"href":"https:\/\/abinox-chr-clim.com\/index.php\/wp-json\/wp\/v2\/comments?post=68206"}],"wp:featuredmedia":[{"embeddable":true,"href":"https:\/\/abinox-chr-clim.com\/index.php\/wp-json\/wp\/v2\/media\/84615"}],"wp:attachment":[{"href":"https:\/\/abinox-chr-clim.com\/index.php\/wp-json\/wp\/v2\/media?parent=68206"}],"wp:term":[{"taxonomy":"product_brand","embeddable":true,"href":"https:\/\/abinox-chr-clim.com\/index.php\/wp-json\/wp\/v2\/product_brand?post=68206"},{"taxonomy":"product_cat","embeddable":true,"href":"https:\/\/abinox-chr-clim.com\/index.php\/wp-json\/wp\/v2\/product_cat?post=68206"},{"taxonomy":"product_tag","embeddable":true,"href":"https:\/\/abinox-chr-clim.com\/index.php\/wp-json\/wp\/v2\/product_tag?post=68206"}],"curies":[{"name":"wp","href":"https:\/\/api.w.org\/{rel}","templated":true}]}}