{"id":68204,"date":"2024-03-22T16:09:27","date_gmt":"2024-03-22T15:09:27","guid":{"rendered":"https:\/\/abinox-chr-clim.com\/index.php\/product\/plateau-coupe-fromage\/"},"modified":"2026-04-02T09:24:37","modified_gmt":"2026-04-02T07:24:37","slug":"plateau-coupe-fromage","status":"publish","type":"product","link":"https:\/\/abinox-chr-clim.com\/index.php\/product\/plateau-coupe-fromage\/","title":{"rendered":"Plateau coupe fromage"},"content":{"rendered":"<p>Plateau avec fil coupe fromage pour couper des tranches de fromage dans les \u00e9piceries fines, commerces sp\u00e9cialis\u00e9s et restaurants. En polypropyl\u00e8ne robuste et facile \u00e0 nettoyer. Fil de 520mm inclus.<br \/>Coupe pr\u00e9cise gr\u00e2ce \u00e0 un angle de coupe de 90\u00b0. Fil r\u00e9sistant pour couper de gros morceaux de fromage. Ustensile robuste avec 4 ventouses pour adh\u00e9rer au plan de travail. Surface hygi\u00e9nique facile \u00e0 nettoyer. Coupe pr\u00e9cise gr\u00e2ce \u00e0 un angle de coupe de 90\u00b0.<\/p>\n<p>Caract\u00e9ristiques :<br \/> Dimensions : 130(H) x 130(L) x 330(P) mm.<br \/> Mati\u00e8re : Polypropyl\u00e8ne.<br \/> Couleur : Blanc.<\/p>\n","protected":false},"excerpt":{"rendered":"<p>Plateau coupe fromage<\/p>\n","protected":false},"featured_media":103121,"comment_status":"closed","ping_status":"closed","template":"","meta":[],"product_brand":[],"product_cat":[1064,1297,1098,1104],"product_tag":[],"class_list":{"0":"post-68204","1":"product","2":"type-product","3":"status-publish","4":"has-post-thumbnail","6":"product_cat-cuisine","7":"product_cat-non-palettisable","8":"product_cat-ustensiles-cuisine","9":"product_cat-ustensiles-de-cuisine","10":"product_shipping_class-free-shipping","12":"first","13":"instock","14":"featured","15":"taxable","16":"shipping-taxable","17":"purchasable","18":"product-type-simple"},"_links":{"self":[{"href":"https:\/\/abinox-chr-clim.com\/index.php\/wp-json\/wp\/v2\/product\/68204","targetHints":{"allow":["GET"]}}],"collection":[{"href":"https:\/\/abinox-chr-clim.com\/index.php\/wp-json\/wp\/v2\/product"}],"about":[{"href":"https:\/\/abinox-chr-clim.com\/index.php\/wp-json\/wp\/v2\/types\/product"}],"replies":[{"embeddable":true,"href":"https:\/\/abinox-chr-clim.com\/index.php\/wp-json\/wp\/v2\/comments?post=68204"}],"wp:featuredmedia":[{"embeddable":true,"href":"https:\/\/abinox-chr-clim.com\/index.php\/wp-json\/wp\/v2\/media\/103121"}],"wp:attachment":[{"href":"https:\/\/abinox-chr-clim.com\/index.php\/wp-json\/wp\/v2\/media?parent=68204"}],"wp:term":[{"taxonomy":"product_brand","embeddable":true,"href":"https:\/\/abinox-chr-clim.com\/index.php\/wp-json\/wp\/v2\/product_brand?post=68204"},{"taxonomy":"product_cat","embeddable":true,"href":"https:\/\/abinox-chr-clim.com\/index.php\/wp-json\/wp\/v2\/product_cat?post=68204"},{"taxonomy":"product_tag","embeddable":true,"href":"https:\/\/abinox-chr-clim.com\/index.php\/wp-json\/wp\/v2\/product_tag?post=68204"}],"curies":[{"name":"wp","href":"https:\/\/api.w.org\/{rel}","templated":true}]}}