{"id":68202,"date":"2024-03-22T16:09:26","date_gmt":"2024-03-22T15:09:26","guid":{"rendered":"https:\/\/abinox-chr-clim.com\/index.php\/product\/ensemble-2-rapes-et-poussoir-deglon\/"},"modified":"2025-10-21T12:36:20","modified_gmt":"2025-10-21T10:36:20","slug":"ensemble-2-rapes-et-poussoir-deglon","status":"publish","type":"product","link":"https:\/\/abinox-chr-clim.com\/index.php\/product\/ensemble-2-rapes-et-poussoir-deglon\/","title":{"rendered":"Ensemble 2 r\u00e2pes et poussoir Deglon"},"content":{"rendered":"<p>1 r\u00e2pe \u00e9troite grain fin, 1 r\u00e2pe large ultra-gros grain. R\u00e2pes ultra-tranchantes en acier inoxydable 18\/8. Manche thermoplastique confort anti-glisse et ergonomique. Pas d&rsquo;espace entre le manche et la r\u00e2pe. Le poussoir prot\u00e8ge les doigts pour garantir la s\u00e9curit\u00e9. Garantie \u00e0 vie sur les r\u00e2pes, 3 ans de garantie sur le poussoir.  1 r\u00e2pe \u00e9troite grain fin, 1 r\u00e2pe large ultra-gros grain.<\/p>\n<p>Caract\u00e9ristiques :<br \/> Dimensions : 70(H) x 160(l) x 400(P) mm.<br \/> Mati\u00e8re : Lame en inox\/ manche en thermoplastique<\/p>\n","protected":false},"excerpt":{"rendered":"<p>Ensemble 2 r\u00e2pes et poussoir Deglon<\/p>\n","protected":false},"featured_media":83457,"comment_status":"closed","ping_status":"closed","template":"","meta":[],"product_brand":[],"product_cat":[1064,1297,1098,1104],"product_tag":[],"class_list":{"0":"post-68202","1":"product","2":"type-product","3":"status-publish","4":"has-post-thumbnail","6":"product_cat-cuisine","7":"product_cat-non-palettisable","8":"product_cat-ustensiles-cuisine","9":"product_cat-ustensiles-de-cuisine","10":"product_shipping_class-free-shipping","12":"first","13":"outofstock","14":"featured","15":"taxable","16":"shipping-taxable","17":"purchasable","18":"product-type-simple"},"_links":{"self":[{"href":"https:\/\/abinox-chr-clim.com\/index.php\/wp-json\/wp\/v2\/product\/68202","targetHints":{"allow":["GET"]}}],"collection":[{"href":"https:\/\/abinox-chr-clim.com\/index.php\/wp-json\/wp\/v2\/product"}],"about":[{"href":"https:\/\/abinox-chr-clim.com\/index.php\/wp-json\/wp\/v2\/types\/product"}],"replies":[{"embeddable":true,"href":"https:\/\/abinox-chr-clim.com\/index.php\/wp-json\/wp\/v2\/comments?post=68202"}],"wp:featuredmedia":[{"embeddable":true,"href":"https:\/\/abinox-chr-clim.com\/index.php\/wp-json\/wp\/v2\/media\/83457"}],"wp:attachment":[{"href":"https:\/\/abinox-chr-clim.com\/index.php\/wp-json\/wp\/v2\/media?parent=68202"}],"wp:term":[{"taxonomy":"product_brand","embeddable":true,"href":"https:\/\/abinox-chr-clim.com\/index.php\/wp-json\/wp\/v2\/product_brand?post=68202"},{"taxonomy":"product_cat","embeddable":true,"href":"https:\/\/abinox-chr-clim.com\/index.php\/wp-json\/wp\/v2\/product_cat?post=68202"},{"taxonomy":"product_tag","embeddable":true,"href":"https:\/\/abinox-chr-clim.com\/index.php\/wp-json\/wp\/v2\/product_tag?post=68202"}],"curies":[{"name":"wp","href":"https:\/\/api.w.org\/{rel}","templated":true}]}}