{"id":68175,"date":"2024-03-22T16:09:15","date_gmt":"2024-03-22T15:09:15","guid":{"rendered":"https:\/\/abinox-chr-clim.com\/index.php\/product\/ouvre-boites-de-plan-de-travail-vogue\/"},"modified":"2026-04-02T08:33:33","modified_gmt":"2026-04-02T06:33:33","slug":"ouvre-boites-de-plan-de-travail-vogue","status":"publish","type":"product","link":"https:\/\/abinox-chr-clim.com\/index.php\/product\/ouvre-boites-de-plan-de-travail-vogue\/","title":{"rendered":"Ouvre-bo\u00eetes de plan de travail Vogue"},"content":{"rendered":"<p>Convient pour ouvrir des bo\u00eetes de conserve d&rsquo;une hauteur maximale de 584 mm. La lame aff\u00fbt\u00e9e facilite l&rsquo;ouverture des couvercles pour acc\u00e9l\u00e9rer la pr\u00e9paration. La poign\u00e9e robuste offre une prise s\u00fbre qui permet d&rsquo;ouvrir les bo\u00eetes de conserve sans effort. La base et la pince en acier inoxydable peuvent \u00eatre facilement fix\u00e9es \u00e0 n&rsquo;importe quel plan de travail. La pince peut \u00eatre viss\u00e9e sur le plan de travail pour une fixation permanente.La conception robuste permet de r\u00e9sister \u00e0 une utilisation professionnelle fr\u00e9quente.  Convient pour ouvrir des bo\u00eetes de conserve d&rsquo;une hauteur maximale de 584 mm.<\/p>\n<p>Caract\u00e9ristiques :<br \/> Dimensions : 770(H) x 250(L) x 110(P) mm.<br \/> Mati\u00e8re : Acier inoxydable<\/p>\n","protected":false},"excerpt":{"rendered":"<p>Ouvre-bo\u00eetes de plan de travail Vogue<\/p>\n","protected":false},"featured_media":82072,"comment_status":"closed","ping_status":"closed","template":"","meta":[],"product_brand":[],"product_cat":[1064,1297,1098,1104],"product_tag":[],"class_list":{"0":"post-68175","1":"product","2":"type-product","3":"status-publish","4":"has-post-thumbnail","6":"product_cat-cuisine","7":"product_cat-non-palettisable","8":"product_cat-ustensiles-cuisine","9":"product_cat-ustensiles-de-cuisine","10":"product_shipping_class-free-shipping","12":"first","13":"instock","14":"featured","15":"taxable","16":"shipping-taxable","17":"purchasable","18":"product-type-simple"},"_links":{"self":[{"href":"https:\/\/abinox-chr-clim.com\/index.php\/wp-json\/wp\/v2\/product\/68175","targetHints":{"allow":["GET"]}}],"collection":[{"href":"https:\/\/abinox-chr-clim.com\/index.php\/wp-json\/wp\/v2\/product"}],"about":[{"href":"https:\/\/abinox-chr-clim.com\/index.php\/wp-json\/wp\/v2\/types\/product"}],"replies":[{"embeddable":true,"href":"https:\/\/abinox-chr-clim.com\/index.php\/wp-json\/wp\/v2\/comments?post=68175"}],"wp:featuredmedia":[{"embeddable":true,"href":"https:\/\/abinox-chr-clim.com\/index.php\/wp-json\/wp\/v2\/media\/82072"}],"wp:attachment":[{"href":"https:\/\/abinox-chr-clim.com\/index.php\/wp-json\/wp\/v2\/media?parent=68175"}],"wp:term":[{"taxonomy":"product_brand","embeddable":true,"href":"https:\/\/abinox-chr-clim.com\/index.php\/wp-json\/wp\/v2\/product_brand?post=68175"},{"taxonomy":"product_cat","embeddable":true,"href":"https:\/\/abinox-chr-clim.com\/index.php\/wp-json\/wp\/v2\/product_cat?post=68175"},{"taxonomy":"product_tag","embeddable":true,"href":"https:\/\/abinox-chr-clim.com\/index.php\/wp-json\/wp\/v2\/product_tag?post=68175"}],"curies":[{"name":"wp","href":"https:\/\/api.w.org\/{rel}","templated":true}]}}