{"id":68144,"date":"2024-03-22T16:09:01","date_gmt":"2024-03-22T15:09:01","guid":{"rendered":"https:\/\/abinox-chr-clim.com\/index.php\/product\/thermometre-a-sucre-hygiplas\/"},"modified":"2026-04-02T08:54:26","modified_gmt":"2026-04-02T06:54:26","slug":"thermometre-a-sucre-hygiplas","status":"publish","type":"product","link":"https:\/\/abinox-chr-clim.com\/index.php\/product\/thermometre-a-sucre-hygiplas\/","title":{"rendered":"Thermom\u00e8tre \u00e0 sucre Hygiplas"},"content":{"rendered":"<p>Pour mesurer la temp\u00e9rature des pr\u00e9parations sucr\u00e9es. Limites de temp\u00e9ratures +40\u00b0C \u00e0 200\u00b0C.<br \/>Les marquages clairs sont faciles \u00e0 lire. Trou dans la poign\u00e9e pour un rangement accroch\u00e9 lorsqu&rsquo;il n&rsquo;est pas utilis\u00e9. Affichage de la temp\u00e9rature optimale pour plus de facilit\u00e9 et de commodit\u00e9. Peut \u00eatre accroch\u00e9 \u00e0 la casserole pour minimiser le risque de br\u00fblure. En degr\u00e9s Celsius et Fahrenheit, selon les pr\u00e9f\u00e9rences.  Les marquages clairs sont faciles \u00e0 lire.<\/p>\n<p>Caract\u00e9ristiques :<br \/> Mati\u00e8re : .<br \/> Temp\u00e9rature : +40\u00b0C \u00e0 200\u00b0C.<br \/> Couleur : Argent.<\/p>\n","protected":false},"excerpt":{"rendered":"<p>Thermom\u00e8tre \u00e0 sucre Hygiplas<\/p>\n","protected":false},"featured_media":104237,"comment_status":"closed","ping_status":"closed","template":"","meta":[],"product_brand":[],"product_cat":[1064,1297,1103,1098],"product_tag":[],"class_list":{"0":"post-68144","1":"product","2":"type-product","3":"status-publish","4":"has-post-thumbnail","6":"product_cat-cuisine","7":"product_cat-non-palettisable","8":"product_cat-thermometres","9":"product_cat-ustensiles-cuisine","10":"product_shipping_class-free-shipping","12":"first","13":"instock","14":"featured","15":"taxable","16":"shipping-taxable","17":"purchasable","18":"product-type-simple"},"_links":{"self":[{"href":"https:\/\/abinox-chr-clim.com\/index.php\/wp-json\/wp\/v2\/product\/68144","targetHints":{"allow":["GET"]}}],"collection":[{"href":"https:\/\/abinox-chr-clim.com\/index.php\/wp-json\/wp\/v2\/product"}],"about":[{"href":"https:\/\/abinox-chr-clim.com\/index.php\/wp-json\/wp\/v2\/types\/product"}],"replies":[{"embeddable":true,"href":"https:\/\/abinox-chr-clim.com\/index.php\/wp-json\/wp\/v2\/comments?post=68144"}],"wp:featuredmedia":[{"embeddable":true,"href":"https:\/\/abinox-chr-clim.com\/index.php\/wp-json\/wp\/v2\/media\/104237"}],"wp:attachment":[{"href":"https:\/\/abinox-chr-clim.com\/index.php\/wp-json\/wp\/v2\/media?parent=68144"}],"wp:term":[{"taxonomy":"product_brand","embeddable":true,"href":"https:\/\/abinox-chr-clim.com\/index.php\/wp-json\/wp\/v2\/product_brand?post=68144"},{"taxonomy":"product_cat","embeddable":true,"href":"https:\/\/abinox-chr-clim.com\/index.php\/wp-json\/wp\/v2\/product_cat?post=68144"},{"taxonomy":"product_tag","embeddable":true,"href":"https:\/\/abinox-chr-clim.com\/index.php\/wp-json\/wp\/v2\/product_tag?post=68144"}],"curies":[{"name":"wp","href":"https:\/\/api.w.org\/{rel}","templated":true}]}}