{"id":68137,"date":"2024-03-22T16:08:57","date_gmt":"2024-03-22T15:08:57","guid":{"rendered":"https:\/\/abinox-chr-clim.com\/index.php\/product\/thermometre-digital-hygiplas-catertherm\/"},"modified":"2026-04-02T08:51:06","modified_gmt":"2026-04-02T06:51:06","slug":"thermometre-digital-hygiplas-catertherm","status":"publish","type":"product","link":"https:\/\/abinox-chr-clim.com\/index.php\/product\/thermometre-digital-hygiplas-catertherm\/","title":{"rendered":"Thermom\u00e8tre digital Hygiplas Catertherm"},"content":{"rendered":"<p>Thermom\u00e8tre digital professionnel avec syst\u00e8me d&rsquo;arr\u00eat automatique et large \u00e9cran LCD. Sonde amovible en acier inoxydable. N\u00e9cessite des piles AAA (2 fournies).<br \/>La sonde en acier inoxydable se d\u00e9tache pour faciliter le nettoyage. L&rsquo;arr\u00eat automatique permet aux piles de durer plus longtemps. Grand \u00e9cran LCD facile \u00e0 lire. Fonctionne avec 2 piles AA (incluses). La sonde en acier inoxydable se d\u00e9tache pour faciliter le nettoyage.<\/p>\n<p>Caract\u00e9ristiques :<br \/> Mati\u00e8re : Plastique.<br \/> Temp\u00e9rature : -50 \u00e0 +300\u00b0C.<br \/> Couleur : Blanc.<\/p>\n","protected":false},"excerpt":{"rendered":"<p>Thermom\u00e8tre digital Hygiplas Catertherm<\/p>\n","protected":false},"featured_media":101625,"comment_status":"closed","ping_status":"closed","template":"","meta":[],"product_brand":[],"product_cat":[1064,1297,1103,1098],"product_tag":[],"class_list":{"0":"post-68137","1":"product","2":"type-product","3":"status-publish","4":"has-post-thumbnail","6":"product_cat-cuisine","7":"product_cat-non-palettisable","8":"product_cat-thermometres","9":"product_cat-ustensiles-cuisine","10":"product_shipping_class-free-shipping","12":"first","13":"instock","14":"featured","15":"taxable","16":"shipping-taxable","17":"purchasable","18":"product-type-simple"},"_links":{"self":[{"href":"https:\/\/abinox-chr-clim.com\/index.php\/wp-json\/wp\/v2\/product\/68137","targetHints":{"allow":["GET"]}}],"collection":[{"href":"https:\/\/abinox-chr-clim.com\/index.php\/wp-json\/wp\/v2\/product"}],"about":[{"href":"https:\/\/abinox-chr-clim.com\/index.php\/wp-json\/wp\/v2\/types\/product"}],"replies":[{"embeddable":true,"href":"https:\/\/abinox-chr-clim.com\/index.php\/wp-json\/wp\/v2\/comments?post=68137"}],"wp:featuredmedia":[{"embeddable":true,"href":"https:\/\/abinox-chr-clim.com\/index.php\/wp-json\/wp\/v2\/media\/101625"}],"wp:attachment":[{"href":"https:\/\/abinox-chr-clim.com\/index.php\/wp-json\/wp\/v2\/media?parent=68137"}],"wp:term":[{"taxonomy":"product_brand","embeddable":true,"href":"https:\/\/abinox-chr-clim.com\/index.php\/wp-json\/wp\/v2\/product_brand?post=68137"},{"taxonomy":"product_cat","embeddable":true,"href":"https:\/\/abinox-chr-clim.com\/index.php\/wp-json\/wp\/v2\/product_cat?post=68137"},{"taxonomy":"product_tag","embeddable":true,"href":"https:\/\/abinox-chr-clim.com\/index.php\/wp-json\/wp\/v2\/product_tag?post=68137"}],"curies":[{"name":"wp","href":"https:\/\/api.w.org\/{rel}","templated":true}]}}