{"id":68134,"date":"2024-03-22T16:08:55","date_gmt":"2024-03-22T15:08:55","guid":{"rendered":"https:\/\/abinox-chr-clim.com\/index.php\/product\/thermometre-numerique-pour-congelateur-et-refrigerateur-hygiplas\/"},"modified":"2026-04-02T08:45:28","modified_gmt":"2026-04-02T06:45:28","slug":"thermometre-numerique-pour-congelateur-et-refrigerateur-hygiplas","status":"publish","type":"product","link":"https:\/\/abinox-chr-clim.com\/index.php\/product\/thermometre-numerique-pour-congelateur-et-refrigerateur-hygiplas\/","title":{"rendered":"Thermom\u00e8tre num\u00e9rique pour cong\u00e9lateur et r\u00e9frig\u00e9rateur Hygiplas"},"content":{"rendered":"<p>Pour consulter la temp\u00e9rature \u00e0 l&rsquo;int\u00e9rieur de votre meuble r\u00e9frig\u00e9r\u00e9 sans l&rsquo;ouvrir. Ecran num\u00e9rique de 10 mm facile \u00e0 lire. Double capteur pour la temp\u00e9rature du meuble froid et de l&rsquo;air. Thermom\u00e8tre con\u00e7u pour \u00eatre fix\u00e9 sur la paroi du meuble gr\u00e2ce aux aimants, avec la sonde \u00e0 l&rsquo;int\u00e9rieur. Peut \u00e9galement \u00eatre pos\u00e9 sur le dessus. Pile bouton fournie.<br \/>Surveillez la temp\u00e9rature \u00e0 l&rsquo;int\u00e9rieur de votre r\u00e9frig\u00e9rateur ou cong\u00e9lateur sans ouvrir la porte. Grand \u00e9cran num\u00e9rique clair et facile \u00e0 lire de n&rsquo;importe o\u00f9 dans la cuisine. Passer facilement entre \u00b0C et \u00b0F par simple pression. Affiche les temp\u00e9ratures internes (unit\u00e9) et externes (sonde). L&rsquo;alarme peut vous avertir instantan\u00e9ment si une plage de temp\u00e9rature d\u00e9finie externe est d\u00e9pass\u00e9e. Fourni avec ventouse et support mural pour fixer le thermom\u00e8tre. Le c\u00e2ble de 3 m vous aide \u00e0 choisir l&rsquo;endroit le plus pratique pour monter le thermom\u00e8tre. N\u00e9cessite 1 pile bouton CR2032 (fournie). D\u00e9claration de conformit\u00e9 incluse dans le manuel d&rsquo;utilisation fourni avec le produit et disponible en ligne.Surveillez la temp\u00e9rature \u00e0 l&rsquo;int\u00e9rieur de votre r\u00e9frig\u00e9rateur ou cong\u00e9lateur sans ouvrir la porte.<\/p>\n<p>Caract\u00e9ristiques :<br \/> Dimensions : 73(L) x 52(l) x  15(h)mm.<br \/> Mati\u00e8re : Plastique.<br \/> Temp\u00e9rature : -50 \u00b0C \u00e0 +70 \u00b0C.<br \/> Couleur : Blanc.<\/p>\n","protected":false},"excerpt":{"rendered":"<p>Thermom\u00e8tre num\u00e9rique pour cong\u00e9lateur et r\u00e9frig\u00e9rateur Hygiplas<\/p>\n","protected":false},"featured_media":95452,"comment_status":"closed","ping_status":"closed","template":"","meta":[],"product_brand":[],"product_cat":[1064,1297,1103,1098],"product_tag":[],"class_list":{"0":"post-68134","1":"product","2":"type-product","3":"status-publish","4":"has-post-thumbnail","6":"product_cat-cuisine","7":"product_cat-non-palettisable","8":"product_cat-thermometres","9":"product_cat-ustensiles-cuisine","10":"product_shipping_class-free-shipping","12":"first","13":"instock","14":"featured","15":"taxable","16":"shipping-taxable","17":"purchasable","18":"product-type-simple"},"_links":{"self":[{"href":"https:\/\/abinox-chr-clim.com\/index.php\/wp-json\/wp\/v2\/product\/68134","targetHints":{"allow":["GET"]}}],"collection":[{"href":"https:\/\/abinox-chr-clim.com\/index.php\/wp-json\/wp\/v2\/product"}],"about":[{"href":"https:\/\/abinox-chr-clim.com\/index.php\/wp-json\/wp\/v2\/types\/product"}],"replies":[{"embeddable":true,"href":"https:\/\/abinox-chr-clim.com\/index.php\/wp-json\/wp\/v2\/comments?post=68134"}],"wp:featuredmedia":[{"embeddable":true,"href":"https:\/\/abinox-chr-clim.com\/index.php\/wp-json\/wp\/v2\/media\/95452"}],"wp:attachment":[{"href":"https:\/\/abinox-chr-clim.com\/index.php\/wp-json\/wp\/v2\/media?parent=68134"}],"wp:term":[{"taxonomy":"product_brand","embeddable":true,"href":"https:\/\/abinox-chr-clim.com\/index.php\/wp-json\/wp\/v2\/product_brand?post=68134"},{"taxonomy":"product_cat","embeddable":true,"href":"https:\/\/abinox-chr-clim.com\/index.php\/wp-json\/wp\/v2\/product_cat?post=68134"},{"taxonomy":"product_tag","embeddable":true,"href":"https:\/\/abinox-chr-clim.com\/index.php\/wp-json\/wp\/v2\/product_tag?post=68134"}],"curies":[{"name":"wp","href":"https:\/\/api.w.org\/{rel}","templated":true}]}}