{"id":68131,"date":"2024-03-22T16:08:54","date_gmt":"2024-03-22T15:08:54","guid":{"rendered":"https:\/\/abinox-chr-clim.com\/index.php\/product\/thermometre-a-refrigerateur-et-congelateur-hygiplas\/"},"modified":"2026-04-02T08:45:25","modified_gmt":"2026-04-02T06:45:25","slug":"thermometre-a-refrigerateur-et-congelateur-hygiplas","status":"publish","type":"product","link":"https:\/\/abinox-chr-clim.com\/index.php\/product\/thermometre-a-refrigerateur-et-congelateur-hygiplas\/","title":{"rendered":"Thermom\u00e8tre \u00e0 r\u00e9frig\u00e9rateur et cong\u00e9lateur Hygiplas"},"content":{"rendered":"<p>Alarme haute\/basse avec affichage de 11mm. Doubles capteurs pour la temp\u00e9rature du r\u00e9frig\u00e9rateur\/cong\u00e9lateur et la temp\u00e9rature ambiante. Dimensions (en mm): 136 x 26. Limites de temp\u00e9ratures -50\u00b0C \u00e0 70\u00b0C.<br \/>Alarme haute et basse temp\u00e9rature. Alarme visuelle par affichage LED.Alarme de temp\u00e9rature pr\u00e9r\u00e9glable pour r\u00e9frig\u00e9rateur ou cong\u00e9lateur.Affichage en degr\u00e9s Celsius et Fahrenheit.Se fixe facilement \u00e0 l&rsquo;ext\u00e9rieur des cong\u00e9lateurs, des r\u00e9frig\u00e9rateurs ou des vitrines r\u00e9frig\u00e9r\u00e9es.Longueur du c\u00e2ble: 1 m\u00e8tre. Alarme haute et basse temp\u00e9rature. .<br \/> Caract\u00e9ristiques :<br \/> Dimensions : Sonde: c\u00e2ble 1m de long.<br \/> Mati\u00e8re : Plastique.<br \/> Temp\u00e9rature : -50 \u00e0 +70 \u00b0C.<br \/> Couleur : Blanc.<\/p>\n","protected":false},"excerpt":{"rendered":"<p>Thermom\u00e8tre \u00e0 r\u00e9frig\u00e9rateur et cong\u00e9lateur Hygiplas<\/p>\n","protected":false},"featured_media":95466,"comment_status":"closed","ping_status":"closed","template":"","meta":[],"product_brand":[],"product_cat":[1064,1297,1103,1098],"product_tag":[],"class_list":{"0":"post-68131","1":"product","2":"type-product","3":"status-publish","4":"has-post-thumbnail","6":"product_cat-cuisine","7":"product_cat-non-palettisable","8":"product_cat-thermometres","9":"product_cat-ustensiles-cuisine","10":"product_shipping_class-free-shipping","12":"first","13":"instock","14":"featured","15":"taxable","16":"shipping-taxable","17":"purchasable","18":"product-type-simple"},"_links":{"self":[{"href":"https:\/\/abinox-chr-clim.com\/index.php\/wp-json\/wp\/v2\/product\/68131","targetHints":{"allow":["GET"]}}],"collection":[{"href":"https:\/\/abinox-chr-clim.com\/index.php\/wp-json\/wp\/v2\/product"}],"about":[{"href":"https:\/\/abinox-chr-clim.com\/index.php\/wp-json\/wp\/v2\/types\/product"}],"replies":[{"embeddable":true,"href":"https:\/\/abinox-chr-clim.com\/index.php\/wp-json\/wp\/v2\/comments?post=68131"}],"wp:featuredmedia":[{"embeddable":true,"href":"https:\/\/abinox-chr-clim.com\/index.php\/wp-json\/wp\/v2\/media\/95466"}],"wp:attachment":[{"href":"https:\/\/abinox-chr-clim.com\/index.php\/wp-json\/wp\/v2\/media?parent=68131"}],"wp:term":[{"taxonomy":"product_brand","embeddable":true,"href":"https:\/\/abinox-chr-clim.com\/index.php\/wp-json\/wp\/v2\/product_brand?post=68131"},{"taxonomy":"product_cat","embeddable":true,"href":"https:\/\/abinox-chr-clim.com\/index.php\/wp-json\/wp\/v2\/product_cat?post=68131"},{"taxonomy":"product_tag","embeddable":true,"href":"https:\/\/abinox-chr-clim.com\/index.php\/wp-json\/wp\/v2\/product_tag?post=68131"}],"curies":[{"name":"wp","href":"https:\/\/api.w.org\/{rel}","templated":true}]}}