{"id":68128,"date":"2024-03-22T16:08:53","date_gmt":"2024-03-22T15:08:53","guid":{"rendered":"https:\/\/abinox-chr-clim.com\/index.php\/product\/thermometre-a-code-couleur-hygiplas-easytemp-violet\/"},"modified":"2025-08-26T13:59:38","modified_gmt":"2025-08-26T11:59:38","slug":"thermometre-a-code-couleur-hygiplas-easytemp-violet","status":"publish","type":"product","link":"https:\/\/abinox-chr-clim.com\/index.php\/product\/thermometre-a-code-couleur-hygiplas-easytemp-violet\/","title":{"rendered":"Thermom\u00e8tre \u00e0 code couleur Hygiplas Easytemp violet"},"content":{"rendered":"<p>Thermom\u00e8tre de poche pr\u00e9cis, fiable et robuste avec sonde pliable. Fonction on\/off automatique. Avec dragonne d\u00e9tachable. Fourni avec pile. Diff\u00e9rentes couleurs disponibles.<br \/>Sonde repliable pour un stockage s\u00fbr et efficace. Fonction marche\/arr\u00eat automatique pour \u00e9conomiser la batterie du thermom\u00e8tre. Temps de r\u00e9ponse 15 secondes. Dragonne amovible pour plus de confort et de s\u00e9curit\u00e9. Fourni de s\u00e9rie avec 1x pile AAA. Pr\u00e9cision : \u00b11\u00b0C. Affichage de la temp\u00e9rature Min\/Max pour une s\u00e9curit\u00e9 alimentaire maximale. Peut \u00eatre r\u00e9gl\u00e9 sur \u00b0C ou \u00b0F.Sonde repliable pour un stockage s\u00fbr et efficace.<\/p>\n<p>Caract\u00e9ristiques :<br \/> Mati\u00e8re : Plastique.<br \/> Couleur : Violet.<\/p>\n","protected":false},"excerpt":{"rendered":"<p>Thermom\u00e8tre \u00e0 code couleur Hygiplas Easytemp violet<\/p>\n","protected":false},"featured_media":83766,"comment_status":"closed","ping_status":"closed","template":"","meta":[],"product_brand":[],"product_cat":[1064,1297,1103,1098],"product_tag":[],"class_list":{"0":"post-68128","1":"product","2":"type-product","3":"status-publish","4":"has-post-thumbnail","6":"product_cat-cuisine","7":"product_cat-non-palettisable","8":"product_cat-thermometres","9":"product_cat-ustensiles-cuisine","10":"product_shipping_class-free-shipping","12":"first","13":"outofstock","14":"featured","15":"taxable","16":"shipping-taxable","17":"purchasable","18":"product-type-simple"},"_links":{"self":[{"href":"https:\/\/abinox-chr-clim.com\/index.php\/wp-json\/wp\/v2\/product\/68128","targetHints":{"allow":["GET"]}}],"collection":[{"href":"https:\/\/abinox-chr-clim.com\/index.php\/wp-json\/wp\/v2\/product"}],"about":[{"href":"https:\/\/abinox-chr-clim.com\/index.php\/wp-json\/wp\/v2\/types\/product"}],"replies":[{"embeddable":true,"href":"https:\/\/abinox-chr-clim.com\/index.php\/wp-json\/wp\/v2\/comments?post=68128"}],"wp:featuredmedia":[{"embeddable":true,"href":"https:\/\/abinox-chr-clim.com\/index.php\/wp-json\/wp\/v2\/media\/83766"}],"wp:attachment":[{"href":"https:\/\/abinox-chr-clim.com\/index.php\/wp-json\/wp\/v2\/media?parent=68128"}],"wp:term":[{"taxonomy":"product_brand","embeddable":true,"href":"https:\/\/abinox-chr-clim.com\/index.php\/wp-json\/wp\/v2\/product_brand?post=68128"},{"taxonomy":"product_cat","embeddable":true,"href":"https:\/\/abinox-chr-clim.com\/index.php\/wp-json\/wp\/v2\/product_cat?post=68128"},{"taxonomy":"product_tag","embeddable":true,"href":"https:\/\/abinox-chr-clim.com\/index.php\/wp-json\/wp\/v2\/product_tag?post=68128"}],"curies":[{"name":"wp","href":"https:\/\/api.w.org\/{rel}","templated":true}]}}