{"id":68122,"date":"2024-03-22T16:08:51","date_gmt":"2024-03-22T15:08:51","guid":{"rendered":"https:\/\/abinox-chr-clim.com\/index.php\/product\/mini-thermometre-etanche-hygiplas\/"},"modified":"2026-04-02T08:30:37","modified_gmt":"2026-04-02T06:30:37","slug":"mini-thermometre-etanche-hygiplas","status":"publish","type":"product","link":"https:\/\/abinox-chr-clim.com\/index.php\/product\/mini-thermometre-etanche-hygiplas\/","title":{"rendered":"Mini thermom\u00e8tre \u00e9tanche Hygiplas"},"content":{"rendered":"<p>Thermom\u00e8tre \u00e9tanche r\u00e9frig\u00e9rateur\/ cong\u00e9lateur, avec crochet de suspension. N\u00e9cessite une pile bouton CR2032. Etanche jusqu&rsquo;\u00e0 IP65.<br \/>Interrupteur marche \/ arr\u00eat \u00e0 l&rsquo;arri\u00e8re.Capteur interne.Le crochet permet une suspension quel que soit l&rsquo;endroit. Interrupteur marche \/ arr\u00eat \u00e0 l&rsquo;arri\u00e8re. .<br \/> Caract\u00e9ristiques :<br \/> Dimensions : 57(H) x 70(L) x 20(P).<br \/> Mati\u00e8re : Plastique.<br \/> Temp\u00e9rature : -25\u00b0C \u00e0 +50\u00b0C.<br \/> Couleur : Blanc.<\/p>\n","protected":false},"excerpt":{"rendered":"<p>Mini thermom\u00e8tre \u00e9tanche Hygiplas<\/p>\n","protected":false},"featured_media":80528,"comment_status":"closed","ping_status":"closed","template":"","meta":[],"product_brand":[],"product_cat":[1064,1297,1103,1098],"product_tag":[],"class_list":{"0":"post-68122","1":"product","2":"type-product","3":"status-publish","4":"has-post-thumbnail","6":"product_cat-cuisine","7":"product_cat-non-palettisable","8":"product_cat-thermometres","9":"product_cat-ustensiles-cuisine","10":"product_shipping_class-free-shipping","12":"first","13":"instock","14":"featured","15":"taxable","16":"shipping-taxable","17":"purchasable","18":"product-type-simple"},"_links":{"self":[{"href":"https:\/\/abinox-chr-clim.com\/index.php\/wp-json\/wp\/v2\/product\/68122","targetHints":{"allow":["GET"]}}],"collection":[{"href":"https:\/\/abinox-chr-clim.com\/index.php\/wp-json\/wp\/v2\/product"}],"about":[{"href":"https:\/\/abinox-chr-clim.com\/index.php\/wp-json\/wp\/v2\/types\/product"}],"replies":[{"embeddable":true,"href":"https:\/\/abinox-chr-clim.com\/index.php\/wp-json\/wp\/v2\/comments?post=68122"}],"wp:featuredmedia":[{"embeddable":true,"href":"https:\/\/abinox-chr-clim.com\/index.php\/wp-json\/wp\/v2\/media\/80528"}],"wp:attachment":[{"href":"https:\/\/abinox-chr-clim.com\/index.php\/wp-json\/wp\/v2\/media?parent=68122"}],"wp:term":[{"taxonomy":"product_brand","embeddable":true,"href":"https:\/\/abinox-chr-clim.com\/index.php\/wp-json\/wp\/v2\/product_brand?post=68122"},{"taxonomy":"product_cat","embeddable":true,"href":"https:\/\/abinox-chr-clim.com\/index.php\/wp-json\/wp\/v2\/product_cat?post=68122"},{"taxonomy":"product_tag","embeddable":true,"href":"https:\/\/abinox-chr-clim.com\/index.php\/wp-json\/wp\/v2\/product_tag?post=68122"}],"curies":[{"name":"wp","href":"https:\/\/api.w.org\/{rel}","templated":true}]}}