{"id":68063,"date":"2024-03-22T16:08:26","date_gmt":"2024-03-22T15:08:26","guid":{"rendered":"https:\/\/abinox-chr-clim.com\/index.php\/product\/petite-planche-a-decouper-haute-densite-hygiplas-bleue\/"},"modified":"2026-04-02T09:43:15","modified_gmt":"2026-04-02T07:43:15","slug":"petite-planche-a-decouper-haute-densite-hygiplas-bleue","status":"publish","type":"product","link":"https:\/\/abinox-chr-clim.com\/index.php\/product\/petite-planche-a-decouper-haute-densite-hygiplas-bleue\/","title":{"rendered":"Petite planche \u00e0 d\u00e9couper haute densit\u00e9 Hygiplas bleue"},"content":{"rendered":"<p>Planches en poly\u00e9thyl\u00e8ne haute densit\u00e9 robustes et durables de petite dimension. Non absorbantes, sans odeur, non toxiques et conformes \u00e0 toutes les r\u00e8gles d&rsquo;hygi\u00e8ne. 225(P) x 300(L) mm. 12mm d&rsquo;\u00e9paisseur.<br \/>Code couleur bleu pour \u00e9viter toute contamination crois\u00e9e. Facile \u00e0 nettoyer &#8211; va au lave-vaisselle. Codage bleu &#8211; g\u00e9n\u00e9ralement utilis\u00e9 pour la pr\u00e9paration du poisson cru. Fabriqu\u00e9 en poly\u00e9thyl\u00e8ne haute densit\u00e9 (HDPE) durable. Non poreux &#8211; emp\u00eache l&rsquo;absorption d&rsquo;ar\u00f4mes et d&rsquo;odeurs par le panneau.  Code couleur bleu pour \u00e9viter toute contamination crois\u00e9e.<\/p>\n<p>Caract\u00e9ristiques :<br \/> Dimensions : 12(H) x 305(L) x 229(P) mm.<br \/> Mati\u00e8re : Poly\u00e9thyl\u00e8ne de haute densit\u00e9.<br \/> Couleur : Bleu.<\/p>\n","protected":false},"excerpt":{"rendered":"<p>Petite planche \u00e0 d\u00e9couper haute densit\u00e9 Hygiplas bleue<\/p>\n","protected":false},"featured_media":104075,"comment_status":"closed","ping_status":"closed","template":"","meta":[],"product_brand":[],"product_cat":[1064,1297,1102,1098],"product_tag":[],"class_list":{"0":"post-68063","1":"product","2":"type-product","3":"status-publish","4":"has-post-thumbnail","6":"product_cat-cuisine","7":"product_cat-non-palettisable","8":"product_cat-planches-a-decouper","9":"product_cat-ustensiles-cuisine","10":"product_shipping_class-free-shipping","12":"first","13":"instock","14":"featured","15":"taxable","16":"shipping-taxable","17":"purchasable","18":"product-type-simple"},"_links":{"self":[{"href":"https:\/\/abinox-chr-clim.com\/index.php\/wp-json\/wp\/v2\/product\/68063","targetHints":{"allow":["GET"]}}],"collection":[{"href":"https:\/\/abinox-chr-clim.com\/index.php\/wp-json\/wp\/v2\/product"}],"about":[{"href":"https:\/\/abinox-chr-clim.com\/index.php\/wp-json\/wp\/v2\/types\/product"}],"replies":[{"embeddable":true,"href":"https:\/\/abinox-chr-clim.com\/index.php\/wp-json\/wp\/v2\/comments?post=68063"}],"wp:featuredmedia":[{"embeddable":true,"href":"https:\/\/abinox-chr-clim.com\/index.php\/wp-json\/wp\/v2\/media\/104075"}],"wp:attachment":[{"href":"https:\/\/abinox-chr-clim.com\/index.php\/wp-json\/wp\/v2\/media?parent=68063"}],"wp:term":[{"taxonomy":"product_brand","embeddable":true,"href":"https:\/\/abinox-chr-clim.com\/index.php\/wp-json\/wp\/v2\/product_brand?post=68063"},{"taxonomy":"product_cat","embeddable":true,"href":"https:\/\/abinox-chr-clim.com\/index.php\/wp-json\/wp\/v2\/product_cat?post=68063"},{"taxonomy":"product_tag","embeddable":true,"href":"https:\/\/abinox-chr-clim.com\/index.php\/wp-json\/wp\/v2\/product_tag?post=68063"}],"curies":[{"name":"wp","href":"https:\/\/api.w.org\/{rel}","templated":true}]}}