{"id":67999,"date":"2024-03-22T16:07:58","date_gmt":"2024-03-22T15:07:58","guid":{"rendered":"https:\/\/abinox-chr-clim.com\/index.php\/product\/rangement-planches-a-decouper-haute-densite-hygiplas\/"},"modified":"2026-04-02T08:42:49","modified_gmt":"2026-04-02T06:42:49","slug":"rangement-planches-a-decouper-haute-densite-hygiplas","status":"publish","type":"product","link":"https:\/\/abinox-chr-clim.com\/index.php\/product\/rangement-planches-a-decouper-haute-densite-hygiplas\/","title":{"rendered":"Rangement planches \u00e0 d\u00e9couper haute densit\u00e9 Hygiplas"},"content":{"rendered":"<p>Les pieds caoutchout\u00e9s permettent de maintenir les planches en place en toute s\u00e9curit\u00e9. Le design triangulaire maintient les planches en position verticale et facilite l&rsquo;acc\u00e8s. Parfait pour les ensembles de tableaux \u00e0 code couleur. Tr\u00e8s durable et robuste. Conception hygi\u00e9nique et facile \u00e0 nettoyer.  Les pieds caoutchout\u00e9s permettent de maintenir les planches en place en toute s\u00e9curit\u00e9.<\/p>\n<p>Caract\u00e9ristiques :<br \/> Dimensions : 270(H) x 300(L) x 420(P) mm.<br \/> Mati\u00e8re : Inox<\/p>\n","protected":false},"excerpt":{"rendered":"<p>Rangement planches \u00e0 d\u00e9couper haute densit\u00e9 Hygiplas<\/p>\n","protected":false},"featured_media":91879,"comment_status":"closed","ping_status":"closed","template":"","meta":[],"product_brand":[],"product_cat":[1064,1297,1102,1098],"product_tag":[],"class_list":{"0":"post-67999","1":"product","2":"type-product","3":"status-publish","4":"has-post-thumbnail","6":"product_cat-cuisine","7":"product_cat-non-palettisable","8":"product_cat-planches-a-decouper","9":"product_cat-ustensiles-cuisine","10":"product_shipping_class-free-shipping","12":"first","13":"instock","14":"featured","15":"taxable","16":"shipping-taxable","17":"purchasable","18":"product-type-simple"},"_links":{"self":[{"href":"https:\/\/abinox-chr-clim.com\/index.php\/wp-json\/wp\/v2\/product\/67999","targetHints":{"allow":["GET"]}}],"collection":[{"href":"https:\/\/abinox-chr-clim.com\/index.php\/wp-json\/wp\/v2\/product"}],"about":[{"href":"https:\/\/abinox-chr-clim.com\/index.php\/wp-json\/wp\/v2\/types\/product"}],"replies":[{"embeddable":true,"href":"https:\/\/abinox-chr-clim.com\/index.php\/wp-json\/wp\/v2\/comments?post=67999"}],"wp:featuredmedia":[{"embeddable":true,"href":"https:\/\/abinox-chr-clim.com\/index.php\/wp-json\/wp\/v2\/media\/91879"}],"wp:attachment":[{"href":"https:\/\/abinox-chr-clim.com\/index.php\/wp-json\/wp\/v2\/media?parent=67999"}],"wp:term":[{"taxonomy":"product_brand","embeddable":true,"href":"https:\/\/abinox-chr-clim.com\/index.php\/wp-json\/wp\/v2\/product_brand?post=67999"},{"taxonomy":"product_cat","embeddable":true,"href":"https:\/\/abinox-chr-clim.com\/index.php\/wp-json\/wp\/v2\/product_cat?post=67999"},{"taxonomy":"product_tag","embeddable":true,"href":"https:\/\/abinox-chr-clim.com\/index.php\/wp-json\/wp\/v2\/product_tag?post=67999"}],"curies":[{"name":"wp","href":"https:\/\/api.w.org\/{rel}","templated":true}]}}