{"id":67992,"date":"2024-03-22T16:07:55","date_gmt":"2024-03-22T15:07:55","guid":{"rendered":"https:\/\/abinox-chr-clim.com\/index.php\/product\/planche-a-decouper-de-bar-noire-hygiplas-255mm\/"},"modified":"2026-04-02T09:34:28","modified_gmt":"2026-04-02T07:34:28","slug":"planche-a-decouper-de-bar-noire-hygiplas-255mm","status":"publish","type":"product","link":"https:\/\/abinox-chr-clim.com\/index.php\/product\/planche-a-decouper-de-bar-noire-hygiplas-255mm\/","title":{"rendered":"Planche \u00e0 d\u00e9couper de bar noire Hygiplas 255mm"},"content":{"rendered":"<p>Planche \u00e0 d\u00e9couper de bar avec poign\u00e9e, \u00e9paisseur 6mm, pour pr\u00e9parer vos d\u00e9coupes de fruits et garnitures. En poly\u00e9thyl\u00e8ne basse densit\u00e9.<br \/>Design peu encombrant &#8211; id\u00e9al pour les arri\u00e8re-bars. Comprend une poign\u00e9e pour faciliter le rangement et l&rsquo;acc\u00e8s. Mat\u00e9riaux faciles \u00e0 nettoyer pour maximiser l&rsquo;hygi\u00e8ne. Couleur noire \u00e9l\u00e9gante. Construction solide en LDPE.  Design peu encombrant &#8211; id\u00e9al pour les arri\u00e8re-bars.<\/p>\n<p>Caract\u00e9ristiques :<br \/> Dimensions : 7(H) x 153(L) x 255(P) mm.<br \/> Mati\u00e8re : Polypropyl\u00e8ne.<br \/> Couleur : Noir.<\/p>\n","protected":false},"excerpt":{"rendered":"<p>Planche \u00e0 d\u00e9couper de bar noire Hygiplas 255mm<\/p>\n","protected":false},"featured_media":90587,"comment_status":"closed","ping_status":"closed","template":"","meta":[],"product_brand":[],"product_cat":[1064,1297,1102,1098],"product_tag":[],"class_list":{"0":"post-67992","1":"product","2":"type-product","3":"status-publish","4":"has-post-thumbnail","6":"product_cat-cuisine","7":"product_cat-non-palettisable","8":"product_cat-planches-a-decouper","9":"product_cat-ustensiles-cuisine","10":"product_shipping_class-free-shipping","12":"first","13":"instock","14":"featured","15":"taxable","16":"shipping-taxable","17":"purchasable","18":"product-type-simple"},"_links":{"self":[{"href":"https:\/\/abinox-chr-clim.com\/index.php\/wp-json\/wp\/v2\/product\/67992","targetHints":{"allow":["GET"]}}],"collection":[{"href":"https:\/\/abinox-chr-clim.com\/index.php\/wp-json\/wp\/v2\/product"}],"about":[{"href":"https:\/\/abinox-chr-clim.com\/index.php\/wp-json\/wp\/v2\/types\/product"}],"replies":[{"embeddable":true,"href":"https:\/\/abinox-chr-clim.com\/index.php\/wp-json\/wp\/v2\/comments?post=67992"}],"wp:featuredmedia":[{"embeddable":true,"href":"https:\/\/abinox-chr-clim.com\/index.php\/wp-json\/wp\/v2\/media\/90587"}],"wp:attachment":[{"href":"https:\/\/abinox-chr-clim.com\/index.php\/wp-json\/wp\/v2\/media?parent=67992"}],"wp:term":[{"taxonomy":"product_brand","embeddable":true,"href":"https:\/\/abinox-chr-clim.com\/index.php\/wp-json\/wp\/v2\/product_brand?post=67992"},{"taxonomy":"product_cat","embeddable":true,"href":"https:\/\/abinox-chr-clim.com\/index.php\/wp-json\/wp\/v2\/product_cat?post=67992"},{"taxonomy":"product_tag","embeddable":true,"href":"https:\/\/abinox-chr-clim.com\/index.php\/wp-json\/wp\/v2\/product_tag?post=67992"}],"curies":[{"name":"wp","href":"https:\/\/api.w.org\/{rel}","templated":true}]}}