{"id":67986,"date":"2024-03-22T16:07:51","date_gmt":"2024-03-22T15:07:51","guid":{"rendered":"https:\/\/abinox-chr-clim.com\/index.php\/product\/ensemble-de-planches-a-decouper-haute-densite-hygiplas-epaisses\/"},"modified":"2026-04-02T10:00:46","modified_gmt":"2026-04-02T08:00:46","slug":"ensemble-de-planches-a-decouper-haute-densite-hygiplas-epaisses","status":"publish","type":"product","link":"https:\/\/abinox-chr-clim.com\/index.php\/product\/ensemble-de-planches-a-decouper-haute-densite-hygiplas-epaisses\/","title":{"rendered":"Ensemble de planches \u00e0 d\u00e9couper haute densit\u00e9 Hygiplas \u00e9paisses"},"content":{"rendered":"<p>Planches robustes, durables, en poly\u00e9thyl\u00e8ne de haute qualit\u00e9. Non absorbantes, inodores, non-toxiques et conformes \u00e0 toutes les r\u00e8gles d&rsquo;hygi\u00e8ne. Tout ce dont vous avez besoin pour garantir l&rsquo;hygi\u00e8ne de votre cuisine. Ces lots comprennent une gamme compl\u00e8te de six planches de couleur, un support et un poster.<br \/>Six planches de couleur diff\u00e9rente par type d&rsquo;aliment pour r\u00e9duire le risque de contamination crois\u00e9e. Le plastique haute densit\u00e9 r\u00e9siste aux rayures du couteau et aux d\u00e9formations. Les planches non toxiques et non absorbantes sont faciles \u00e0 nettoyer. Prot\u00e8ge les surfaces de travail des rayures ou des marques pendant la pr\u00e9paration des aliments.Support de rangement pour garder les planches organis\u00e9es et faciles \u00e0 saisir lorsque vous en avez besoin Code produit J027. Attention : le poster n&rsquo;est actuellement pas disponible. L&rsquo;ensemble sera temporairement livr\u00e9 sans celui-ci.Blanc &#8211; pour une utilisation avec des produits de boulangerie et laitiers. Vert &#8211; pour une utilisation avec de la salade et des fruits. Rouge &#8211; pour une utilisation avec de la viande crue. Jaune &#8211; pour une utilisation avec de la viande cuite. Marron &#8211; pour une utilisation avec des l\u00e9gumes. Bleu &#8211; pour une utilisation avec du poisson cru. Six planches de couleur diff\u00e9rente par type d&rsquo;aliment pour r\u00e9duire le risque de contamination crois\u00e9e.<\/p>\n<p>Caract\u00e9ristiques :<br \/> Dimensions : 24(H) x 455(L) x 305(L) mm.<br \/> Mati\u00e8re : Poly\u00e9thyl\u00e8ne de haute densit\u00e9.<br \/> Couleur : Multicolore.<\/p>\n","protected":false},"excerpt":{"rendered":"<p>Ensemble de planches \u00e0 d\u00e9couper haute densit\u00e9 Hygiplas \u00e9paisses<\/p>\n","protected":false},"featured_media":102796,"comment_status":"closed","ping_status":"closed","template":"","meta":[],"product_brand":[],"product_cat":[1064,1297,1102,1098],"product_tag":[],"class_list":{"0":"post-67986","1":"product","2":"type-product","3":"status-publish","4":"has-post-thumbnail","6":"product_cat-cuisine","7":"product_cat-non-palettisable","8":"product_cat-planches-a-decouper","9":"product_cat-ustensiles-cuisine","10":"product_shipping_class-free-shipping","12":"first","13":"instock","14":"featured","15":"taxable","16":"shipping-taxable","17":"purchasable","18":"product-type-simple"},"_links":{"self":[{"href":"https:\/\/abinox-chr-clim.com\/index.php\/wp-json\/wp\/v2\/product\/67986","targetHints":{"allow":["GET"]}}],"collection":[{"href":"https:\/\/abinox-chr-clim.com\/index.php\/wp-json\/wp\/v2\/product"}],"about":[{"href":"https:\/\/abinox-chr-clim.com\/index.php\/wp-json\/wp\/v2\/types\/product"}],"replies":[{"embeddable":true,"href":"https:\/\/abinox-chr-clim.com\/index.php\/wp-json\/wp\/v2\/comments?post=67986"}],"wp:featuredmedia":[{"embeddable":true,"href":"https:\/\/abinox-chr-clim.com\/index.php\/wp-json\/wp\/v2\/media\/102796"}],"wp:attachment":[{"href":"https:\/\/abinox-chr-clim.com\/index.php\/wp-json\/wp\/v2\/media?parent=67986"}],"wp:term":[{"taxonomy":"product_brand","embeddable":true,"href":"https:\/\/abinox-chr-clim.com\/index.php\/wp-json\/wp\/v2\/product_brand?post=67986"},{"taxonomy":"product_cat","embeddable":true,"href":"https:\/\/abinox-chr-clim.com\/index.php\/wp-json\/wp\/v2\/product_cat?post=67986"},{"taxonomy":"product_tag","embeddable":true,"href":"https:\/\/abinox-chr-clim.com\/index.php\/wp-json\/wp\/v2\/product_tag?post=67986"}],"curies":[{"name":"wp","href":"https:\/\/api.w.org\/{rel}","templated":true}]}}