{"id":67962,"date":"2024-03-22T16:07:43","date_gmt":"2024-03-22T15:07:43","guid":{"rendered":"https:\/\/abinox-chr-clim.com\/index.php\/product\/entonnoir-en-plastique-vogue-150mm\/"},"modified":"2026-04-02T08:57:43","modified_gmt":"2026-04-02T06:57:43","slug":"entonnoir-en-plastique-vogue-150mm","status":"publish","type":"product","link":"https:\/\/abinox-chr-clim.com\/index.php\/product\/entonnoir-en-plastique-vogue-150mm\/","title":{"rendered":"Entonnoir en plastique Vogue 150mm"},"content":{"rendered":"<p>Plastique renforc\u00e9 durable. 150(\u00d8) x 155(H)mm. Tube 8mm(\u00d8).<br \/>Renforcement plastique pour plus de r\u00e9sistance. Renforcement plastique pour plus de r\u00e9sistance. .<br \/> Caract\u00e9ristiques :<br \/> Capacit\u00e9 : 150mm (\u00d8).<br \/> Dimensions : 145(H) x 150(\u00d8) mm.<br \/> Mati\u00e8re : Plastique.<br \/> Couleur : Blanc.<\/p>\n","protected":false},"excerpt":{"rendered":"<p>Entonnoir en plastique Vogue 150mm<\/p>\n","protected":false},"featured_media":104509,"comment_status":"closed","ping_status":"closed","template":"","meta":[],"product_brand":[],"product_cat":[1064,1297,1101,1098],"product_tag":[],"class_list":{"0":"post-67962","1":"product","2":"type-product","3":"status-publish","4":"has-post-thumbnail","6":"product_cat-cuisine","7":"product_cat-non-palettisable","8":"product_cat-pichets-gradues-et-balances","9":"product_cat-ustensiles-cuisine","10":"product_shipping_class-free-shipping","12":"first","13":"outofstock","14":"featured","15":"taxable","16":"shipping-taxable","17":"purchasable","18":"product-type-simple"},"_links":{"self":[{"href":"https:\/\/abinox-chr-clim.com\/index.php\/wp-json\/wp\/v2\/product\/67962","targetHints":{"allow":["GET"]}}],"collection":[{"href":"https:\/\/abinox-chr-clim.com\/index.php\/wp-json\/wp\/v2\/product"}],"about":[{"href":"https:\/\/abinox-chr-clim.com\/index.php\/wp-json\/wp\/v2\/types\/product"}],"replies":[{"embeddable":true,"href":"https:\/\/abinox-chr-clim.com\/index.php\/wp-json\/wp\/v2\/comments?post=67962"}],"wp:featuredmedia":[{"embeddable":true,"href":"https:\/\/abinox-chr-clim.com\/index.php\/wp-json\/wp\/v2\/media\/104509"}],"wp:attachment":[{"href":"https:\/\/abinox-chr-clim.com\/index.php\/wp-json\/wp\/v2\/media?parent=67962"}],"wp:term":[{"taxonomy":"product_brand","embeddable":true,"href":"https:\/\/abinox-chr-clim.com\/index.php\/wp-json\/wp\/v2\/product_brand?post=67962"},{"taxonomy":"product_cat","embeddable":true,"href":"https:\/\/abinox-chr-clim.com\/index.php\/wp-json\/wp\/v2\/product_cat?post=67962"},{"taxonomy":"product_tag","embeddable":true,"href":"https:\/\/abinox-chr-clim.com\/index.php\/wp-json\/wp\/v2\/product_tag?post=67962"}],"curies":[{"name":"wp","href":"https:\/\/api.w.org\/{rel}","templated":true}]}}