{"id":67940,"date":"2024-03-22T16:07:34","date_gmt":"2024-03-22T15:07:34","guid":{"rendered":"https:\/\/abinox-chr-clim.com\/index.php\/product\/balance-salter-120kg\/"},"modified":"2026-04-02T08:42:48","modified_gmt":"2026-04-02T06:42:48","slug":"balance-salter-120kg","status":"publish","type":"product","link":"https:\/\/abinox-chr-clim.com\/index.php\/product\/balance-salter-120kg\/","title":{"rendered":"Balance Salter 120kg"},"content":{"rendered":"<p>Balances \u00e9l\u00e9gantes avec fonction d&rsquo;arr\u00eat automatique. Pieds en caoutchouc pour la stabilit\u00e9. Affichage syst\u00e8mes m\u00e9trique ou imp\u00e9rial. Fonctionnement sur secteur (c\u00e2ble 1m fourni) ou \u00e0 piles (4 x AAA).<br \/>Plate-forme basse avec plateau en acier inoxydable bross\u00e9 pour faciliter le nettoyage.Poss\u00e8de quatre pieds en caoutchouc anti-d\u00e9rapants.Un c\u00e2ble de 1m connecte la plate-forme \u00e0 l&rsquo;unit\u00e9 d&rsquo;affichage en acier inoxydable bross\u00e9, caract\u00e9ris\u00e9e par des chiffres LCD de 17mm de haut.R\u00e9f\u00e9rence soumise \u00e0 une Eco-participation mobilier de 0.27\u20ac par unit\u00e9 vendue. Fonction TARE: ajouter un ingr\u00e9dient \u00e0 un autre, remettre la mesure de calcul \u00e0 z\u00e9ro, pour obtenir son poids net.L&rsquo;affichage peut se faire en syst\u00e8me m\u00e9trique ou imp\u00e9rial.Fonction d&rsquo;arr\u00eat automatique pour prolonger la dur\u00e9e de vie de la batterie.Fonctionnement sur secteur ou \u00e0 piles. N\u00e9cessite 4 piles 1.5V (non fournies).Mod\u00e8le: WS120. Un support de pr\u00e9sentation en plastique est fourni pour permettre \u00e0 l&rsquo;affichage d&rsquo;\u00eatre fix\u00e9 au mur ou \u00e0 la balance.R\u00e9f\u00e9rence soumise \u00e0 une Eco-participation DEEE de 0,08\u20ac par unit\u00e9 vendue. Plate-forme basse avec plateau en acier inoxydable bross\u00e9 pour faciliter le nettoyage. .<br \/> Caract\u00e9ristiques :<br \/> Capacit\u00e9 : 120kg\/50g.<br \/> Dimensions : 27(H) x 380(L) x 300(P)mm.<br \/> Mati\u00e8re : Acier inoxydable.<br \/> Couleur : Argent.<\/p>\n","protected":false},"excerpt":{"rendered":"<p>Balance Salter 120kg<\/p>\n","protected":false},"featured_media":91880,"comment_status":"closed","ping_status":"closed","template":"","meta":[],"product_brand":[],"product_cat":[1064,1297,1101,1098],"product_tag":[],"class_list":{"0":"post-67940","1":"product","2":"type-product","3":"status-publish","4":"has-post-thumbnail","6":"product_cat-cuisine","7":"product_cat-non-palettisable","8":"product_cat-pichets-gradues-et-balances","9":"product_cat-ustensiles-cuisine","10":"product_shipping_class-free-shipping","12":"first","13":"instock","14":"featured","15":"taxable","16":"shipping-taxable","17":"purchasable","18":"product-type-simple"},"_links":{"self":[{"href":"https:\/\/abinox-chr-clim.com\/index.php\/wp-json\/wp\/v2\/product\/67940","targetHints":{"allow":["GET"]}}],"collection":[{"href":"https:\/\/abinox-chr-clim.com\/index.php\/wp-json\/wp\/v2\/product"}],"about":[{"href":"https:\/\/abinox-chr-clim.com\/index.php\/wp-json\/wp\/v2\/types\/product"}],"replies":[{"embeddable":true,"href":"https:\/\/abinox-chr-clim.com\/index.php\/wp-json\/wp\/v2\/comments?post=67940"}],"wp:featuredmedia":[{"embeddable":true,"href":"https:\/\/abinox-chr-clim.com\/index.php\/wp-json\/wp\/v2\/media\/91880"}],"wp:attachment":[{"href":"https:\/\/abinox-chr-clim.com\/index.php\/wp-json\/wp\/v2\/media?parent=67940"}],"wp:term":[{"taxonomy":"product_brand","embeddable":true,"href":"https:\/\/abinox-chr-clim.com\/index.php\/wp-json\/wp\/v2\/product_brand?post=67940"},{"taxonomy":"product_cat","embeddable":true,"href":"https:\/\/abinox-chr-clim.com\/index.php\/wp-json\/wp\/v2\/product_cat?post=67940"},{"taxonomy":"product_tag","embeddable":true,"href":"https:\/\/abinox-chr-clim.com\/index.php\/wp-json\/wp\/v2\/product_tag?post=67940"}],"curies":[{"name":"wp","href":"https:\/\/api.w.org\/{rel}","templated":true}]}}