{"id":67724,"date":"2024-03-22T15:57:46","date_gmt":"2024-03-22T14:57:46","guid":{"rendered":"https:\/\/abinox-chr-clim.com\/index.php\/product\/tapis-de-cuisson-antiadhesif-exopat-matfer-bourgeat-520-x-315mm\/"},"modified":"2026-04-02T08:42:29","modified_gmt":"2026-04-02T06:42:29","slug":"tapis-de-cuisson-antiadhesif-exopat-matfer-bourgeat-520-x-315mm","status":"publish","type":"product","link":"https:\/\/abinox-chr-clim.com\/index.php\/product\/tapis-de-cuisson-antiadhesif-exopat-matfer-bourgeat-520-x-315mm\/","title":{"rendered":"Tapis de cuisson antiadh\u00e9sif EXOPAT Matfer Bourgeat 520 x 315mm"},"content":{"rendered":"<p>Tricot de verre impr\u00e9gn\u00e9 de silicone, id\u00e9al pour la cuisson des p\u00e2tisseries et viennoiseries. Aucun graissage n\u00e9cessaire. R\u00e9sistant \u00e0 la chaleur de -40\u00b0 \u00e0 +300\u00b0. Nettoyage facile \u00e0 l&rsquo;\u00e9ponge.<br \/>Le rev\u00eatement en silicone assure un retrait facile des p\u00e2tisseries d\u00e9licates sans les abimer. Pas besoin de graisse ou d&rsquo;huile, donc beaucoup plus propre \u00e0 utiliser. R\u00e9sistante \u00e0 la chaleur de -40\u00a0\u00b0C \u00e0 300\u00a0\u00b0C pour tous les types de t\u00e2ches de cuisson. Surface hygi\u00e9nique con\u00e7ue pour pr\u00e9venir l&rsquo;accumulation de nourriture et de bact\u00e9ries. Nettoyage rapide et facile entre chaque utilisation.  Le rev\u00eatement en silicone assure un retrait facile des p\u00e2tisseries d\u00e9licates sans les abimer.<\/p>\n<p>Caract\u00e9ristiques :<br \/> Dimensions : 315(L) x 520(L) mm.<br \/> Mati\u00e8re : .<br \/> Couleur : .<br \/> Bac GN : GN 1\/1XY.<\/p>\n","protected":false},"excerpt":{"rendered":"<p>Tapis de cuisson antiadh\u00e9sif EXOPAT Matfer Bourgeat 520 x 315mm<\/p>\n","protected":false},"featured_media":91942,"comment_status":"closed","ping_status":"closed","template":"","meta":[],"product_brand":[],"product_cat":[1064,1297,1092,1087],"product_tag":[],"class_list":{"0":"post-67724","1":"product","2":"type-product","3":"status-publish","4":"has-post-thumbnail","6":"product_cat-cuisine","7":"product_cat-non-palettisable","8":"product_cat-papier-cuisson-et-tapis-antiadhesifs","9":"product_cat-patisserie","10":"product_shipping_class-free-shipping","12":"first","13":"instock","14":"featured","15":"taxable","16":"shipping-taxable","17":"purchasable","18":"product-type-simple"},"_links":{"self":[{"href":"https:\/\/abinox-chr-clim.com\/index.php\/wp-json\/wp\/v2\/product\/67724","targetHints":{"allow":["GET"]}}],"collection":[{"href":"https:\/\/abinox-chr-clim.com\/index.php\/wp-json\/wp\/v2\/product"}],"about":[{"href":"https:\/\/abinox-chr-clim.com\/index.php\/wp-json\/wp\/v2\/types\/product"}],"replies":[{"embeddable":true,"href":"https:\/\/abinox-chr-clim.com\/index.php\/wp-json\/wp\/v2\/comments?post=67724"}],"wp:featuredmedia":[{"embeddable":true,"href":"https:\/\/abinox-chr-clim.com\/index.php\/wp-json\/wp\/v2\/media\/91942"}],"wp:attachment":[{"href":"https:\/\/abinox-chr-clim.com\/index.php\/wp-json\/wp\/v2\/media?parent=67724"}],"wp:term":[{"taxonomy":"product_brand","embeddable":true,"href":"https:\/\/abinox-chr-clim.com\/index.php\/wp-json\/wp\/v2\/product_brand?post=67724"},{"taxonomy":"product_cat","embeddable":true,"href":"https:\/\/abinox-chr-clim.com\/index.php\/wp-json\/wp\/v2\/product_cat?post=67724"},{"taxonomy":"product_tag","embeddable":true,"href":"https:\/\/abinox-chr-clim.com\/index.php\/wp-json\/wp\/v2\/product_tag?post=67724"}],"curies":[{"name":"wp","href":"https:\/\/api.w.org\/{rel}","templated":true}]}}