{"id":67722,"date":"2024-03-22T15:57:46","date_gmt":"2024-03-22T14:57:46","guid":{"rendered":"https:\/\/abinox-chr-clim.com\/index.php\/product\/papier-cuisson-patisserie-ecopap-matfer-bourgeat-600-x-400mm-lot-de-500\/"},"modified":"2026-04-02T08:42:28","modified_gmt":"2026-04-02T06:42:28","slug":"papier-cuisson-patisserie-ecopap-matfer-bourgeat-600-x-400mm-lot-de-500","status":"publish","type":"product","link":"https:\/\/abinox-chr-clim.com\/index.php\/product\/papier-cuisson-patisserie-ecopap-matfer-bourgeat-600-x-400mm-lot-de-500\/","title":{"rendered":"Papier cuisson p\u00e2tisserie ECOPAP Matfer Bourgeat 600 x 400mm (Lot de 500)"},"content":{"rendered":"<p>Papier kraft brun non blanchi, silicon\u00e9 2 faces, anti-adh\u00e9rent et utilisable jusqu&rsquo;\u00e0 7 \u00e0 8 fois selon les conditions de cuisson. Convient pour toutes les p\u00e2tisseries.<br \/>Le rev\u00eatement antiadh\u00e9sif en silicone sur les deux faces emp\u00eache de coller aux plaques de cuisson ou aux produits de boulangerie. Permet de retirer les aliments sans effort et d&rsquo;\u00e9viter le gaspillage. R\u00e9utilisable jusqu&rsquo;\u00e0 7-8 fois pour une utilisation durable et rentable. Le papier de cuisson est id\u00e9al pour un usage commercial ou domestique gr\u00e2ce \u00e0 sa composition s\u00fbre sur le plan alimentaire. Fourni dans un paquet de 500 qui vous permet de disposer d&rsquo;un stock durable. Permet de gagner du temps sur les t\u00e2ches de nettoyage.  Le rev\u00eatement antiadh\u00e9sif en silicone sur les deux faces emp\u00eache de coller aux plaques de cuisson ou aux produits de boulangerie.<\/p>\n<p>Caract\u00e9ristiques :<br \/>Lot : 500.<br \/> Dimensions : 60 x 40cm.<br \/> Mati\u00e8re : Papier et silicone.<br \/> Couleur : Marron.<\/p>\n","protected":false},"excerpt":{"rendered":"<p>Papier cuisson p\u00e2tisserie ECOPAP Matfer Bourgeat 600 x 400mm (Lot de 500)<\/p>\n","protected":false},"featured_media":91954,"comment_status":"closed","ping_status":"closed","template":"","meta":[],"product_brand":[],"product_cat":[1064,1297,1092,1087],"product_tag":[],"class_list":{"0":"post-67722","1":"product","2":"type-product","3":"status-publish","4":"has-post-thumbnail","6":"product_cat-cuisine","7":"product_cat-non-palettisable","8":"product_cat-papier-cuisson-et-tapis-antiadhesifs","9":"product_cat-patisserie","10":"product_shipping_class-free-shipping","12":"first","13":"instock","14":"featured","15":"taxable","16":"shipping-taxable","17":"purchasable","18":"product-type-simple"},"_links":{"self":[{"href":"https:\/\/abinox-chr-clim.com\/index.php\/wp-json\/wp\/v2\/product\/67722","targetHints":{"allow":["GET"]}}],"collection":[{"href":"https:\/\/abinox-chr-clim.com\/index.php\/wp-json\/wp\/v2\/product"}],"about":[{"href":"https:\/\/abinox-chr-clim.com\/index.php\/wp-json\/wp\/v2\/types\/product"}],"replies":[{"embeddable":true,"href":"https:\/\/abinox-chr-clim.com\/index.php\/wp-json\/wp\/v2\/comments?post=67722"}],"wp:featuredmedia":[{"embeddable":true,"href":"https:\/\/abinox-chr-clim.com\/index.php\/wp-json\/wp\/v2\/media\/91954"}],"wp:attachment":[{"href":"https:\/\/abinox-chr-clim.com\/index.php\/wp-json\/wp\/v2\/media?parent=67722"}],"wp:term":[{"taxonomy":"product_brand","embeddable":true,"href":"https:\/\/abinox-chr-clim.com\/index.php\/wp-json\/wp\/v2\/product_brand?post=67722"},{"taxonomy":"product_cat","embeddable":true,"href":"https:\/\/abinox-chr-clim.com\/index.php\/wp-json\/wp\/v2\/product_cat?post=67722"},{"taxonomy":"product_tag","embeddable":true,"href":"https:\/\/abinox-chr-clim.com\/index.php\/wp-json\/wp\/v2\/product_tag?post=67722"}],"curies":[{"name":"wp","href":"https:\/\/api.w.org\/{rel}","templated":true}]}}