{"id":67720,"date":"2024-03-22T15:57:45","date_gmt":"2024-03-22T14:57:45","guid":{"rendered":"https:\/\/abinox-chr-clim.com\/index.php\/product\/papier-sulfurise-290mm-x-50m-vogue\/"},"modified":"2026-04-02T08:35:06","modified_gmt":"2026-04-02T06:35:06","slug":"papier-sulfurise-290mm-x-50m-vogue","status":"publish","type":"product","link":"https:\/\/abinox-chr-clim.com\/index.php\/product\/papier-sulfurise-290mm-x-50m-vogue\/","title":{"rendered":"Papier sulfuris\u00e9 290mm x 50m Vogue"},"content":{"rendered":"<p>Papier sulfuris\u00e9 de haute qualit\u00e9 avec rev\u00eatement antiadh\u00e9sif silicon\u00e9 des deux c\u00f4t\u00e9s et r\u00e9sistant \u00e0 la chaleur jusqu&rsquo;\u00e0 230\u00b0C. Convient pour la cong\u00e9lation domestique.<br \/>Poids du papier : 39g\/m\u00b2. Antiadh\u00e9sif. Sans chlore. Sans gluten et sans bl\u00e9. Compatible cong\u00e9lateur. Adapt\u00e9 \u00e0 des temp\u00e9ratures allant jusqu&rsquo;\u00e0 230 \u00b0 C. Comprend une lame de coupe en plastique dentel\u00e9 facile \u00e0 utiliser.Poids du papier : 39g\/m\u00b2.<\/p>\n<p>Caract\u00e9ristiques :<br \/> Dimensions : 290(l)mm x 50(L)m.<br \/> Mati\u00e8re : Papier.<br \/> Couleur : Blanc.<\/p>\n","protected":false},"excerpt":{"rendered":"<p>Papier sulfuris\u00e9 290mm x 50m Vogue<\/p>\n","protected":false},"featured_media":82759,"comment_status":"closed","ping_status":"closed","template":"","meta":[],"product_brand":[],"product_cat":[1064,1297,1092,1087],"product_tag":[],"class_list":{"0":"post-67720","1":"product","2":"type-product","3":"status-publish","4":"has-post-thumbnail","6":"product_cat-cuisine","7":"product_cat-non-palettisable","8":"product_cat-papier-cuisson-et-tapis-antiadhesifs","9":"product_cat-patisserie","10":"product_shipping_class-free-shipping","12":"first","13":"instock","14":"featured","15":"taxable","16":"shipping-taxable","17":"purchasable","18":"product-type-simple"},"_links":{"self":[{"href":"https:\/\/abinox-chr-clim.com\/index.php\/wp-json\/wp\/v2\/product\/67720","targetHints":{"allow":["GET"]}}],"collection":[{"href":"https:\/\/abinox-chr-clim.com\/index.php\/wp-json\/wp\/v2\/product"}],"about":[{"href":"https:\/\/abinox-chr-clim.com\/index.php\/wp-json\/wp\/v2\/types\/product"}],"replies":[{"embeddable":true,"href":"https:\/\/abinox-chr-clim.com\/index.php\/wp-json\/wp\/v2\/comments?post=67720"}],"wp:featuredmedia":[{"embeddable":true,"href":"https:\/\/abinox-chr-clim.com\/index.php\/wp-json\/wp\/v2\/media\/82759"}],"wp:attachment":[{"href":"https:\/\/abinox-chr-clim.com\/index.php\/wp-json\/wp\/v2\/media?parent=67720"}],"wp:term":[{"taxonomy":"product_brand","embeddable":true,"href":"https:\/\/abinox-chr-clim.com\/index.php\/wp-json\/wp\/v2\/product_brand?post=67720"},{"taxonomy":"product_cat","embeddable":true,"href":"https:\/\/abinox-chr-clim.com\/index.php\/wp-json\/wp\/v2\/product_cat?post=67720"},{"taxonomy":"product_tag","embeddable":true,"href":"https:\/\/abinox-chr-clim.com\/index.php\/wp-json\/wp\/v2\/product_tag?post=67720"}],"curies":[{"name":"wp","href":"https:\/\/api.w.org\/{rel}","templated":true}]}}