{"id":67654,"date":"2024-03-22T15:57:15","date_gmt":"2024-03-22T14:57:15","guid":{"rendered":"https:\/\/abinox-chr-clim.com\/index.php\/product\/ramequins-blancs-churchill-stonecast-barley-70mm-lot-de-24\/"},"modified":"2026-04-02T10:03:06","modified_gmt":"2026-04-02T08:03:06","slug":"ramequins-blancs-churchill-stonecast-barley-70mm-lot-de-24","status":"publish","type":"product","link":"https:\/\/abinox-chr-clim.com\/index.php\/product\/ramequins-blancs-churchill-stonecast-barley-70mm-lot-de-24\/","title":{"rendered":"Ramequins blancs Churchill Stonecast Barley 70mm (lot de 24)"},"content":{"rendered":"<p>Les formes et les couleurs naturelles de la gamme Stonecast cr\u00e9ent la toile de fond parfaite pour les aliments frais. Articles disponibles sous 5 \u00e0 7 jours. Passe au four, au micro-ondes et au lave-vaisselle.<br \/>Bord contrast\u00e9 peint. Talon enti\u00e8rement vitrifi\u00e9. R\u00e9sistant aux chocs thermiques. Passe au micro-ondes et au lave-vaisselle. Vernis r\u00e9actif au four.  Bord contrast\u00e9 peint.<\/p>\n<p>Caract\u00e9ristiques :<br \/>Lot : 24.<br \/> Dimensions : 70(\u00d8) mm.<br \/> Mati\u00e8re : Porcelaine.<br \/> Couleur : Orge blanc.<\/p>\n","protected":false},"excerpt":{"rendered":"<p>Ramequins blancs Churchill Stonecast Barley 70mm (lot de 24)<\/p>\n","protected":false},"featured_media":93303,"comment_status":"closed","ping_status":"closed","template":"","meta":[],"product_brand":[],"product_cat":[1064,1091,1297,1087],"product_tag":[],"class_list":{"0":"post-67654","1":"product","2":"type-product","3":"status-publish","4":"has-post-thumbnail","6":"product_cat-cuisine","7":"product_cat-moules-a-gateaux","8":"product_cat-non-palettisable","9":"product_cat-patisserie","10":"product_shipping_class-free-shipping","12":"first","13":"outofstock","14":"featured","15":"taxable","16":"shipping-taxable","17":"purchasable","18":"product-type-simple"},"_links":{"self":[{"href":"https:\/\/abinox-chr-clim.com\/index.php\/wp-json\/wp\/v2\/product\/67654","targetHints":{"allow":["GET"]}}],"collection":[{"href":"https:\/\/abinox-chr-clim.com\/index.php\/wp-json\/wp\/v2\/product"}],"about":[{"href":"https:\/\/abinox-chr-clim.com\/index.php\/wp-json\/wp\/v2\/types\/product"}],"replies":[{"embeddable":true,"href":"https:\/\/abinox-chr-clim.com\/index.php\/wp-json\/wp\/v2\/comments?post=67654"}],"wp:featuredmedia":[{"embeddable":true,"href":"https:\/\/abinox-chr-clim.com\/index.php\/wp-json\/wp\/v2\/media\/93303"}],"wp:attachment":[{"href":"https:\/\/abinox-chr-clim.com\/index.php\/wp-json\/wp\/v2\/media?parent=67654"}],"wp:term":[{"taxonomy":"product_brand","embeddable":true,"href":"https:\/\/abinox-chr-clim.com\/index.php\/wp-json\/wp\/v2\/product_brand?post=67654"},{"taxonomy":"product_cat","embeddable":true,"href":"https:\/\/abinox-chr-clim.com\/index.php\/wp-json\/wp\/v2\/product_cat?post=67654"},{"taxonomy":"product_tag","embeddable":true,"href":"https:\/\/abinox-chr-clim.com\/index.php\/wp-json\/wp\/v2\/product_tag?post=67654"}],"curies":[{"name":"wp","href":"https:\/\/api.w.org\/{rel}","templated":true}]}}