{"id":67645,"date":"2024-03-22T15:57:10","date_gmt":"2024-03-22T14:57:10","guid":{"rendered":"https:\/\/abinox-chr-clim.com\/index.php\/product\/moule-a-gateau-rectangulaire-circulon-390mm-46143\/"},"modified":"2025-08-26T13:58:06","modified_gmt":"2025-08-26T11:58:06","slug":"moule-a-gateau-rectangulaire-circulon-390mm-46143","status":"publish","type":"product","link":"https:\/\/abinox-chr-clim.com\/index.php\/product\/moule-a-gateau-rectangulaire-circulon-390mm-46143\/","title":{"rendered":"Moule \u00e0 G\u00e2teau Rectangulaire Circulon 390mm 46143"},"content":{"rendered":"<p>Moule antiadh\u00e9sif pour un d\u00e9moulage facile et des r\u00e9sultats parfaits. Compatible lave-vaisselle.<br \/>Syst\u00e8me antiadh\u00e9sif Total\u00ae &#8211; pas besoin d&rsquo;huiles ni de papier sulfuris\u00e9. Performances de cuisson homog\u00e8nes\u00a0: pas de points chauds susceptibles de provoquer un gaspillage alimentaire. Conception facile \u00e0 nettoyer qui permet de gagner du temps &#8211; va au lave-vaisselle. Garantie \u00e0 vie Circulon sans tracas. Sans PFOA, sans plomb ni cadmium. Passe au four\u00a0: 230\u00b0C\/450\u00b0F\/Gaz Mark 10.  Syst\u00e8me antiadh\u00e9sif Total\u00ae &#8211; pas besoin d&rsquo;huiles ni de papier sulfuris\u00e9.<\/p>\n<p>Caract\u00e9ristiques :<br \/> Dimensions : 60(H) x 390(L) x 260(P) mm.<br \/> Mati\u00e8re : Acier au carbone.<br \/> Couleur : Argent.<\/p>\n","protected":false},"excerpt":{"rendered":"<p>Moule \u00e0 G\u00e2teau Rectangulaire Circulon 390mm 46143<\/p>\n","protected":false},"featured_media":90378,"comment_status":"closed","ping_status":"closed","template":"","meta":[],"product_brand":[],"product_cat":[1064,1091,1297,1087],"product_tag":[],"class_list":{"0":"post-67645","1":"product","2":"type-product","3":"status-publish","4":"has-post-thumbnail","6":"product_cat-cuisine","7":"product_cat-moules-a-gateaux","8":"product_cat-non-palettisable","9":"product_cat-patisserie","10":"product_shipping_class-free-shipping","12":"first","13":"outofstock","14":"featured","15":"taxable","16":"shipping-taxable","17":"purchasable","18":"product-type-simple"},"_links":{"self":[{"href":"https:\/\/abinox-chr-clim.com\/index.php\/wp-json\/wp\/v2\/product\/67645","targetHints":{"allow":["GET"]}}],"collection":[{"href":"https:\/\/abinox-chr-clim.com\/index.php\/wp-json\/wp\/v2\/product"}],"about":[{"href":"https:\/\/abinox-chr-clim.com\/index.php\/wp-json\/wp\/v2\/types\/product"}],"replies":[{"embeddable":true,"href":"https:\/\/abinox-chr-clim.com\/index.php\/wp-json\/wp\/v2\/comments?post=67645"}],"wp:featuredmedia":[{"embeddable":true,"href":"https:\/\/abinox-chr-clim.com\/index.php\/wp-json\/wp\/v2\/media\/90378"}],"wp:attachment":[{"href":"https:\/\/abinox-chr-clim.com\/index.php\/wp-json\/wp\/v2\/media?parent=67645"}],"wp:term":[{"taxonomy":"product_brand","embeddable":true,"href":"https:\/\/abinox-chr-clim.com\/index.php\/wp-json\/wp\/v2\/product_brand?post=67645"},{"taxonomy":"product_cat","embeddable":true,"href":"https:\/\/abinox-chr-clim.com\/index.php\/wp-json\/wp\/v2\/product_cat?post=67645"},{"taxonomy":"product_tag","embeddable":true,"href":"https:\/\/abinox-chr-clim.com\/index.php\/wp-json\/wp\/v2\/product_tag?post=67645"}],"curies":[{"name":"wp","href":"https:\/\/api.w.org\/{rel}","templated":true}]}}