{"id":67641,"date":"2024-03-22T15:57:08","date_gmt":"2024-03-22T14:57:08","guid":{"rendered":"https:\/\/abinox-chr-clim.com\/index.php\/product\/moule-a-tarte-antiadhesif-avec-fond-mobile-vogue-30-cm\/"},"modified":"2026-04-02T09:41:30","modified_gmt":"2026-04-02T07:41:30","slug":"moule-a-tarte-antiadhesif-avec-fond-mobile-vogue-30-cm","status":"publish","type":"product","link":"https:\/\/abinox-chr-clim.com\/index.php\/product\/moule-a-tarte-antiadhesif-avec-fond-mobile-vogue-30-cm\/","title":{"rendered":"Moule \u00e0 tarte antiadh\u00e9sif avec fond mobile Vogue 30 cm"},"content":{"rendered":"<p>Fond mobile pour faciliter le d\u00e9moulage.<br \/>L&rsquo;acier au carbone assure une r\u00e9partition uniforme de la chaleur. Mat\u00e9riau en acier durable. Lavable au lave-vaisselle pour un nettoyage rapide. Base amovible pour plus de facilit\u00e9. Le rev\u00eatement antiadh\u00e9sif garantit l&rsquo;absence de d\u00e9chirures lorsque vous retirez votre plat. Bord cannel\u00e9 pour la pr\u00e9sentation.  L&rsquo;acier au carbone assure une r\u00e9partition uniforme de la chaleur.<\/p>\n<p>Caract\u00e9ristiques :<br \/> Dimensions : 35(H) mm.<br \/> Mati\u00e8re : Acier au carbone.<br \/> Couleur : Noir.<\/p>\n","protected":false},"excerpt":{"rendered":"<p>Moule \u00e0 tarte antiadh\u00e9sif avec fond mobile Vogue 30 cm<\/p>\n","protected":false},"featured_media":103136,"comment_status":"closed","ping_status":"closed","template":"","meta":[],"product_brand":[],"product_cat":[1064,1091,1297,1087],"product_tag":[],"class_list":{"0":"post-67641","1":"product","2":"type-product","3":"status-publish","4":"has-post-thumbnail","6":"product_cat-cuisine","7":"product_cat-moules-a-gateaux","8":"product_cat-non-palettisable","9":"product_cat-patisserie","10":"product_shipping_class-free-shipping","12":"first","13":"instock","14":"featured","15":"taxable","16":"shipping-taxable","17":"purchasable","18":"product-type-simple"},"_links":{"self":[{"href":"https:\/\/abinox-chr-clim.com\/index.php\/wp-json\/wp\/v2\/product\/67641","targetHints":{"allow":["GET"]}}],"collection":[{"href":"https:\/\/abinox-chr-clim.com\/index.php\/wp-json\/wp\/v2\/product"}],"about":[{"href":"https:\/\/abinox-chr-clim.com\/index.php\/wp-json\/wp\/v2\/types\/product"}],"replies":[{"embeddable":true,"href":"https:\/\/abinox-chr-clim.com\/index.php\/wp-json\/wp\/v2\/comments?post=67641"}],"wp:featuredmedia":[{"embeddable":true,"href":"https:\/\/abinox-chr-clim.com\/index.php\/wp-json\/wp\/v2\/media\/103136"}],"wp:attachment":[{"href":"https:\/\/abinox-chr-clim.com\/index.php\/wp-json\/wp\/v2\/media?parent=67641"}],"wp:term":[{"taxonomy":"product_brand","embeddable":true,"href":"https:\/\/abinox-chr-clim.com\/index.php\/wp-json\/wp\/v2\/product_brand?post=67641"},{"taxonomy":"product_cat","embeddable":true,"href":"https:\/\/abinox-chr-clim.com\/index.php\/wp-json\/wp\/v2\/product_cat?post=67641"},{"taxonomy":"product_tag","embeddable":true,"href":"https:\/\/abinox-chr-clim.com\/index.php\/wp-json\/wp\/v2\/product_tag?post=67641"}],"curies":[{"name":"wp","href":"https:\/\/api.w.org\/{rel}","templated":true}]}}