{"id":67635,"date":"2024-03-22T15:57:06","date_gmt":"2024-03-22T14:57:06","guid":{"rendered":"https:\/\/abinox-chr-clim.com\/index.php\/product\/plaque-flexible-en-silicone-6-muffins-vogue\/"},"modified":"2026-04-02T09:33:52","modified_gmt":"2026-04-02T07:33:52","slug":"plaque-flexible-en-silicone-6-muffins-vogue","status":"publish","type":"product","link":"https:\/\/abinox-chr-clim.com\/index.php\/product\/plaque-flexible-en-silicone-6-muffins-vogue\/","title":{"rendered":"Plaque flexible en silicone 6 muffins Vogue"},"content":{"rendered":"<p>Plaque 37(H) x 161(L) x 241(P)mm, moules 61(\u00d8)mm.<br \/>Le silicone est flexible &#8211; facile \u00e0 d\u00e9mouler. Peut contenir jusqu&rsquo;\u00e0 6 muffins. Passe au lave-vaisselle pour un nettoyage facile. Le mat\u00e9riau r\u00e9sistant aux taches conserve son aspect au fil du temps. Tr\u00e8s r\u00e9sistant \u00e0 la chaleur, id\u00e9al pour les fours commerciaux.  Le silicone est flexible &#8211; facile \u00e0 d\u00e9mouler.<\/p>\n<p>Caract\u00e9ristiques :<br \/> Dimensions : 40(H) x 162(L) x 240(P) mm.<br \/> Mati\u00e8re : Silicone.<br \/> Couleur : Gris.<\/p>\n","protected":false},"excerpt":{"rendered":"<p>Plaque flexible en silicone 6 muffins Vogue<\/p>\n","protected":false},"featured_media":87801,"comment_status":"closed","ping_status":"closed","template":"","meta":[],"product_brand":[],"product_cat":[1064,1091,1297,1087],"product_tag":[],"class_list":{"0":"post-67635","1":"product","2":"type-product","3":"status-publish","4":"has-post-thumbnail","6":"product_cat-cuisine","7":"product_cat-moules-a-gateaux","8":"product_cat-non-palettisable","9":"product_cat-patisserie","10":"product_shipping_class-free-shipping","12":"first","13":"instock","14":"featured","15":"taxable","16":"shipping-taxable","17":"purchasable","18":"product-type-simple"},"_links":{"self":[{"href":"https:\/\/abinox-chr-clim.com\/index.php\/wp-json\/wp\/v2\/product\/67635","targetHints":{"allow":["GET"]}}],"collection":[{"href":"https:\/\/abinox-chr-clim.com\/index.php\/wp-json\/wp\/v2\/product"}],"about":[{"href":"https:\/\/abinox-chr-clim.com\/index.php\/wp-json\/wp\/v2\/types\/product"}],"replies":[{"embeddable":true,"href":"https:\/\/abinox-chr-clim.com\/index.php\/wp-json\/wp\/v2\/comments?post=67635"}],"wp:featuredmedia":[{"embeddable":true,"href":"https:\/\/abinox-chr-clim.com\/index.php\/wp-json\/wp\/v2\/media\/87801"}],"wp:attachment":[{"href":"https:\/\/abinox-chr-clim.com\/index.php\/wp-json\/wp\/v2\/media?parent=67635"}],"wp:term":[{"taxonomy":"product_brand","embeddable":true,"href":"https:\/\/abinox-chr-clim.com\/index.php\/wp-json\/wp\/v2\/product_brand?post=67635"},{"taxonomy":"product_cat","embeddable":true,"href":"https:\/\/abinox-chr-clim.com\/index.php\/wp-json\/wp\/v2\/product_cat?post=67635"},{"taxonomy":"product_tag","embeddable":true,"href":"https:\/\/abinox-chr-clim.com\/index.php\/wp-json\/wp\/v2\/product_tag?post=67635"}],"curies":[{"name":"wp","href":"https:\/\/api.w.org\/{rel}","templated":true}]}}