{"id":67576,"date":"2024-03-22T15:56:42","date_gmt":"2024-03-22T14:56:42","guid":{"rendered":"https:\/\/abinox-chr-clim.com\/index.php\/product\/lot-de-11-emporte-pieces-ronds-canneles-vogue\/"},"modified":"2026-04-02T08:43:36","modified_gmt":"2026-04-02T06:43:36","slug":"lot-de-11-emporte-pieces-ronds-canneles-vogue","status":"publish","type":"product","link":"https:\/\/abinox-chr-clim.com\/index.php\/product\/lot-de-11-emporte-pieces-ronds-canneles-vogue\/","title":{"rendered":"Lot de 11 emporte-pi\u00e8ces ronds cannel\u00e9s Vogue"},"content":{"rendered":"<p>Lot de 11. Acier carbone \u00e9tam\u00e9. Dimensions de 20 \u00e0 86mm (\u00d8).<br \/>D\u00e9coupe sans effort jusqu&rsquo;\u00e0 11 tailles diff\u00e9rentes, de 23 \u00e0 90 mm. Solide et durable pour faire face \u00e0 une utilisation quotidienne en cuisine professionnelle. Conception facile \u00e0 nettoyer pour gagner du temps &#8211; va au lave-vaisselle. Coupe proprement la p\u00e2te sans la d\u00e9chirer ni l&rsquo;endommager. Am\u00e9liore la forme et la pr\u00e9sentation des biscuits et autres p\u00e2tisseries. Permet \u00e0 votre p\u00e2tisserie d&rsquo;aller encore plus loin avec des portions r\u00e9guli\u00e8res.  D\u00e9coupe sans effort jusqu&rsquo;\u00e0 11 tailles diff\u00e9rentes, de 23 \u00e0 90 mm.<\/p>\n<p>Caract\u00e9ristiques :<br \/>Lot : 11.<br \/> Dimensions : 100(\u00d8)mm.<br \/> Mati\u00e8re : Acier carbone \u00e9tam\u00e9.<br \/> Couleur : Argent.<\/p>\n","protected":false},"excerpt":{"rendered":"<p>Lot de 11 emporte-pi\u00e8ces ronds cannel\u00e9s Vogue<\/p>\n","protected":false},"featured_media":96167,"comment_status":"closed","ping_status":"closed","template":"","meta":[],"product_brand":[],"product_cat":[1088,1064,1297,1087],"product_tag":[],"class_list":{"0":"post-67576","1":"product","2":"type-product","3":"status-publish","4":"has-post-thumbnail","6":"product_cat-cercles-a-mousse","7":"product_cat-cuisine","8":"product_cat-non-palettisable","9":"product_cat-patisserie","10":"product_shipping_class-free-shipping","12":"first","13":"instock","14":"featured","15":"taxable","16":"shipping-taxable","17":"purchasable","18":"product-type-simple"},"_links":{"self":[{"href":"https:\/\/abinox-chr-clim.com\/index.php\/wp-json\/wp\/v2\/product\/67576","targetHints":{"allow":["GET"]}}],"collection":[{"href":"https:\/\/abinox-chr-clim.com\/index.php\/wp-json\/wp\/v2\/product"}],"about":[{"href":"https:\/\/abinox-chr-clim.com\/index.php\/wp-json\/wp\/v2\/types\/product"}],"replies":[{"embeddable":true,"href":"https:\/\/abinox-chr-clim.com\/index.php\/wp-json\/wp\/v2\/comments?post=67576"}],"wp:featuredmedia":[{"embeddable":true,"href":"https:\/\/abinox-chr-clim.com\/index.php\/wp-json\/wp\/v2\/media\/96167"}],"wp:attachment":[{"href":"https:\/\/abinox-chr-clim.com\/index.php\/wp-json\/wp\/v2\/media?parent=67576"}],"wp:term":[{"taxonomy":"product_brand","embeddable":true,"href":"https:\/\/abinox-chr-clim.com\/index.php\/wp-json\/wp\/v2\/product_brand?post=67576"},{"taxonomy":"product_cat","embeddable":true,"href":"https:\/\/abinox-chr-clim.com\/index.php\/wp-json\/wp\/v2\/product_cat?post=67576"},{"taxonomy":"product_tag","embeddable":true,"href":"https:\/\/abinox-chr-clim.com\/index.php\/wp-json\/wp\/v2\/product_tag?post=67576"}],"curies":[{"name":"wp","href":"https:\/\/api.w.org\/{rel}","templated":true}]}}