{"id":67450,"date":"2024-03-22T15:49:50","date_gmt":"2024-03-22T14:49:50","guid":{"rendered":"https:\/\/abinox-chr-clim.com\/index.php\/product\/mallette-a-couteaux-magnetique-dick\/"},"modified":"2026-04-02T08:48:06","modified_gmt":"2026-04-02T06:48:06","slug":"mallette-a-couteaux-magnetique-dick","status":"publish","type":"product","link":"https:\/\/abinox-chr-clim.com\/index.php\/product\/mallette-a-couteaux-magnetique-dick\/","title":{"rendered":"Mallette \u00e0 couteaux magn\u00e9tique Dick"},"content":{"rendered":"<p>Solide mallette \u00e0 couteaux magn\u00e9tique pour un transport s\u00fbr des couteaux. Peut accueillir 6 couteaux ou ustensiles. Fournie vide.<br \/>Rangement s\u00fbr pouvant accueillir jusqu&rsquo;\u00e0 6 couteaux. Fourni vide. Prot\u00e8ge les lames de vos couteaux. Rangement s\u00fbr pouvant accueillir jusqu&rsquo;\u00e0 6 couteaux.<\/p>\n<p>Caract\u00e9ristiques :<br \/> Capacit\u00e9 : 6 couteaux.<br \/> Dimensions : 60(H)x 430(L)x 320(P)mm.<br \/> Mati\u00e8re : .<br \/> Couleur : Noir.<\/p>\n","protected":false},"excerpt":{"rendered":"<p>Mallette \u00e0 couteaux magn\u00e9tique Dick<\/p>\n","protected":false},"featured_media":101299,"comment_status":"closed","ping_status":"closed","template":"","meta":[],"product_brand":[],"product_cat":[1075,1064,1297,1082],"product_tag":[],"class_list":{"0":"post-67450","1":"product","2":"type-product","3":"status-publish","4":"has-post-thumbnail","6":"product_cat-couteaux","7":"product_cat-cuisine","8":"product_cat-non-palettisable","9":"product_cat-rangements-pour-couteaux","10":"product_shipping_class-free-shipping","12":"first","13":"instock","14":"featured","15":"taxable","16":"shipping-taxable","17":"purchasable","18":"product-type-simple"},"_links":{"self":[{"href":"https:\/\/abinox-chr-clim.com\/index.php\/wp-json\/wp\/v2\/product\/67450","targetHints":{"allow":["GET"]}}],"collection":[{"href":"https:\/\/abinox-chr-clim.com\/index.php\/wp-json\/wp\/v2\/product"}],"about":[{"href":"https:\/\/abinox-chr-clim.com\/index.php\/wp-json\/wp\/v2\/types\/product"}],"replies":[{"embeddable":true,"href":"https:\/\/abinox-chr-clim.com\/index.php\/wp-json\/wp\/v2\/comments?post=67450"}],"wp:featuredmedia":[{"embeddable":true,"href":"https:\/\/abinox-chr-clim.com\/index.php\/wp-json\/wp\/v2\/media\/101299"}],"wp:attachment":[{"href":"https:\/\/abinox-chr-clim.com\/index.php\/wp-json\/wp\/v2\/media?parent=67450"}],"wp:term":[{"taxonomy":"product_brand","embeddable":true,"href":"https:\/\/abinox-chr-clim.com\/index.php\/wp-json\/wp\/v2\/product_brand?post=67450"},{"taxonomy":"product_cat","embeddable":true,"href":"https:\/\/abinox-chr-clim.com\/index.php\/wp-json\/wp\/v2\/product_cat?post=67450"},{"taxonomy":"product_tag","embeddable":true,"href":"https:\/\/abinox-chr-clim.com\/index.php\/wp-json\/wp\/v2\/product_tag?post=67450"}],"curies":[{"name":"wp","href":"https:\/\/api.w.org\/{rel}","templated":true}]}}