{"id":67442,"date":"2024-03-22T15:49:48","date_gmt":"2024-03-22T14:49:48","guid":{"rendered":"https:\/\/abinox-chr-clim.com\/index.php\/product\/grand-support-magnetique-pour-couteaux-vogue\/"},"modified":"2026-04-02T08:38:36","modified_gmt":"2026-04-02T06:38:36","slug":"grand-support-magnetique-pour-couteaux-vogue","status":"publish","type":"product","link":"https:\/\/abinox-chr-clim.com\/index.php\/product\/grand-support-magnetique-pour-couteaux-vogue\/","title":{"rendered":"Grand support magn\u00e9tique pour couteaux Vogue"},"content":{"rendered":"<p>Aimant ultra puissant. Fixations murales fournies.<br \/>Un aimant tr\u00e8s puissant maintient les couteaux de cuisine en place en toute s\u00e9curit\u00e9. Fourni avec tous les accessoires pour monter le support sur le mur de votre cuisine. Range les couteaux sans prendre de place dans les tiroirs ou sur les plans de travail. Garde les couteaux \u00e0 port\u00e9e de main pour un acc\u00e8s rapide quand vous en avez besoin. Suffisamment long pour contenir une vari\u00e9t\u00e9 de couteaux parmi les plus utilis\u00e9s. Facile \u00e0 nettoyer et \u00e0 entretenir.  Un aimant tr\u00e8s puissant maintient les couteaux de cuisine en place en toute s\u00e9curit\u00e9.<\/p>\n<p>Caract\u00e9ristiques :<br \/> Dimensions : 610(L) mm.<br \/> Mati\u00e8re : Polypropyl\u00e8ne.<br \/> Couleur : Noir.<\/p>\n","protected":false},"excerpt":{"rendered":"<p>Grand support magn\u00e9tique pour couteaux Vogue<\/p>\n","protected":false},"featured_media":88093,"comment_status":"closed","ping_status":"closed","template":"","meta":[],"product_brand":[],"product_cat":[1075,1064,1297,1082],"product_tag":[],"class_list":{"0":"post-67442","1":"product","2":"type-product","3":"status-publish","4":"has-post-thumbnail","6":"product_cat-couteaux","7":"product_cat-cuisine","8":"product_cat-non-palettisable","9":"product_cat-rangements-pour-couteaux","10":"product_shipping_class-free-shipping","12":"first","13":"instock","14":"featured","15":"taxable","16":"shipping-taxable","17":"purchasable","18":"product-type-simple"},"_links":{"self":[{"href":"https:\/\/abinox-chr-clim.com\/index.php\/wp-json\/wp\/v2\/product\/67442","targetHints":{"allow":["GET"]}}],"collection":[{"href":"https:\/\/abinox-chr-clim.com\/index.php\/wp-json\/wp\/v2\/product"}],"about":[{"href":"https:\/\/abinox-chr-clim.com\/index.php\/wp-json\/wp\/v2\/types\/product"}],"replies":[{"embeddable":true,"href":"https:\/\/abinox-chr-clim.com\/index.php\/wp-json\/wp\/v2\/comments?post=67442"}],"wp:featuredmedia":[{"embeddable":true,"href":"https:\/\/abinox-chr-clim.com\/index.php\/wp-json\/wp\/v2\/media\/88093"}],"wp:attachment":[{"href":"https:\/\/abinox-chr-clim.com\/index.php\/wp-json\/wp\/v2\/media?parent=67442"}],"wp:term":[{"taxonomy":"product_brand","embeddable":true,"href":"https:\/\/abinox-chr-clim.com\/index.php\/wp-json\/wp\/v2\/product_brand?post=67442"},{"taxonomy":"product_cat","embeddable":true,"href":"https:\/\/abinox-chr-clim.com\/index.php\/wp-json\/wp\/v2\/product_cat?post=67442"},{"taxonomy":"product_tag","embeddable":true,"href":"https:\/\/abinox-chr-clim.com\/index.php\/wp-json\/wp\/v2\/product_tag?post=67442"}],"curies":[{"name":"wp","href":"https:\/\/api.w.org\/{rel}","templated":true}]}}