{"id":67434,"date":"2024-03-22T15:49:44","date_gmt":"2024-03-22T14:49:44","guid":{"rendered":"https:\/\/abinox-chr-clim.com\/index.php\/product\/trousse-a-couteaux-en-toile-boldric-noire-17-emplacements\/"},"modified":"2026-03-10T10:38:15","modified_gmt":"2026-03-10T09:38:15","slug":"trousse-a-couteaux-en-toile-boldric-noire-17-emplacements","status":"publish","type":"product","link":"https:\/\/abinox-chr-clim.com\/index.php\/product\/trousse-a-couteaux-en-toile-boldric-noire-17-emplacements\/","title":{"rendered":"Trousse \u00e0 couteaux en toile Boldric noire 17 emplacements"},"content":{"rendered":"<p>Trousse pratique et professionnelle fabriqu\u00e9e en toile 100% coton. Peut accueillir tout le n\u00e9cessaire, cartes de visite et stylos, et maintient en place les couteaux de 43cm maxi.<br \/>Les emplacements peuvent contenir un couteau d&rsquo;une longueur maxi de 431mm. En toile 100% coton boucles en laiton. Haute qualit\u00e9, design \u00e9l\u00e9gant. Dimensions ouverte 711mm x 508 mm et comprend une sangle d&rsquo;\u00e9paule. Les emplacements peuvent contenir un couteau d&rsquo;une longueur maxi de 431mm. En toile 100% coton boucles en laiton.<\/p>\n<p>Caract\u00e9ristiques :<br \/> Capacit\u00e9 : 17.<br \/> Dimensions : 711(H) x 508(L) x 51(P) mm.<br \/> Mati\u00e8re : Toile.<br \/> Poids du tissu : 653g\/m\u00b2.<br \/> Couleur : Noir.<\/p>\n","protected":false},"excerpt":{"rendered":"<p>Trousse \u00e0 couteaux en toile Boldric noire 17 emplacements<\/p>\n","protected":false},"featured_media":84753,"comment_status":"closed","ping_status":"closed","template":"","meta":[],"product_brand":[],"product_cat":[1075,1064,1297,1082],"product_tag":[],"class_list":{"0":"post-67434","1":"product","2":"type-product","3":"status-publish","4":"has-post-thumbnail","6":"product_cat-couteaux","7":"product_cat-cuisine","8":"product_cat-non-palettisable","9":"product_cat-rangements-pour-couteaux","10":"product_shipping_class-free-shipping","12":"first","13":"outofstock","14":"featured","15":"taxable","16":"shipping-taxable","17":"purchasable","18":"product-type-simple"},"_links":{"self":[{"href":"https:\/\/abinox-chr-clim.com\/index.php\/wp-json\/wp\/v2\/product\/67434","targetHints":{"allow":["GET"]}}],"collection":[{"href":"https:\/\/abinox-chr-clim.com\/index.php\/wp-json\/wp\/v2\/product"}],"about":[{"href":"https:\/\/abinox-chr-clim.com\/index.php\/wp-json\/wp\/v2\/types\/product"}],"replies":[{"embeddable":true,"href":"https:\/\/abinox-chr-clim.com\/index.php\/wp-json\/wp\/v2\/comments?post=67434"}],"wp:featuredmedia":[{"embeddable":true,"href":"https:\/\/abinox-chr-clim.com\/index.php\/wp-json\/wp\/v2\/media\/84753"}],"wp:attachment":[{"href":"https:\/\/abinox-chr-clim.com\/index.php\/wp-json\/wp\/v2\/media?parent=67434"}],"wp:term":[{"taxonomy":"product_brand","embeddable":true,"href":"https:\/\/abinox-chr-clim.com\/index.php\/wp-json\/wp\/v2\/product_brand?post=67434"},{"taxonomy":"product_cat","embeddable":true,"href":"https:\/\/abinox-chr-clim.com\/index.php\/wp-json\/wp\/v2\/product_cat?post=67434"},{"taxonomy":"product_tag","embeddable":true,"href":"https:\/\/abinox-chr-clim.com\/index.php\/wp-json\/wp\/v2\/product_tag?post=67434"}],"curies":[{"name":"wp","href":"https:\/\/api.w.org\/{rel}","templated":true}]}}