{"id":67433,"date":"2024-03-22T15:49:43","date_gmt":"2024-03-22T14:49:43","guid":{"rendered":"https:\/\/abinox-chr-clim.com\/index.php\/product\/trousse-a-couteaux-en-toile-boldric-noire-9-emplacements\/"},"modified":"2026-04-02T09:27:18","modified_gmt":"2026-04-02T07:27:18","slug":"trousse-a-couteaux-en-toile-boldric-noire-9-emplacements","status":"publish","type":"product","link":"https:\/\/abinox-chr-clim.com\/index.php\/product\/trousse-a-couteaux-en-toile-boldric-noire-9-emplacements\/","title":{"rendered":"Trousse \u00e0 couteaux en toile Boldric noire 9 emplacements"},"content":{"rendered":"<p>Trousse enroulable en toile 100% coton tiss\u00e9 serr\u00e9 pour prot\u00e9ger et maintenir vos couteaux et ustensiles. Sa conception compacte est facile \u00e0 transporter lorsque vous \u00eates en d\u00e9placement.<br \/>Dimension ouverte 520mm x 457mm. Haute qualit\u00e9, design \u00e9l\u00e9gant. Dimension ouverte 520mm x 457mm.<\/p>\n<p>Caract\u00e9ristiques :<br \/> Capacit\u00e9 : 9.<br \/> Dimensions : 508(H) x 457(L) x 51(P) mm.<br \/> Mati\u00e8re : Toile.<br \/> Poids du tissu : 653g\/m\u00b2.<br \/> Couleur : Noir.<\/p>\n","protected":false},"excerpt":{"rendered":"<p>Trousse \u00e0 couteaux en toile Boldric noire 9 emplacements<\/p>\n","protected":false},"featured_media":84748,"comment_status":"closed","ping_status":"closed","template":"","meta":[],"product_brand":[],"product_cat":[1075,1064,1297,1082],"product_tag":[],"class_list":{"0":"post-67433","1":"product","2":"type-product","3":"status-publish","4":"has-post-thumbnail","6":"product_cat-couteaux","7":"product_cat-cuisine","8":"product_cat-non-palettisable","9":"product_cat-rangements-pour-couteaux","10":"product_shipping_class-free-shipping","12":"first","13":"instock","14":"featured","15":"taxable","16":"shipping-taxable","17":"purchasable","18":"product-type-simple"},"_links":{"self":[{"href":"https:\/\/abinox-chr-clim.com\/index.php\/wp-json\/wp\/v2\/product\/67433","targetHints":{"allow":["GET"]}}],"collection":[{"href":"https:\/\/abinox-chr-clim.com\/index.php\/wp-json\/wp\/v2\/product"}],"about":[{"href":"https:\/\/abinox-chr-clim.com\/index.php\/wp-json\/wp\/v2\/types\/product"}],"replies":[{"embeddable":true,"href":"https:\/\/abinox-chr-clim.com\/index.php\/wp-json\/wp\/v2\/comments?post=67433"}],"wp:featuredmedia":[{"embeddable":true,"href":"https:\/\/abinox-chr-clim.com\/index.php\/wp-json\/wp\/v2\/media\/84748"}],"wp:attachment":[{"href":"https:\/\/abinox-chr-clim.com\/index.php\/wp-json\/wp\/v2\/media?parent=67433"}],"wp:term":[{"taxonomy":"product_brand","embeddable":true,"href":"https:\/\/abinox-chr-clim.com\/index.php\/wp-json\/wp\/v2\/product_brand?post=67433"},{"taxonomy":"product_cat","embeddable":true,"href":"https:\/\/abinox-chr-clim.com\/index.php\/wp-json\/wp\/v2\/product_cat?post=67433"},{"taxonomy":"product_tag","embeddable":true,"href":"https:\/\/abinox-chr-clim.com\/index.php\/wp-json\/wp\/v2\/product_tag?post=67433"}],"curies":[{"name":"wp","href":"https:\/\/api.w.org\/{rel}","templated":true}]}}