{"id":67398,"date":"2024-03-22T15:49:31","date_gmt":"2024-03-22T14:49:31","guid":{"rendered":"https:\/\/abinox-chr-clim.com\/index.php\/product\/couteau-de-cuisinier-hygiplas-vert-160mm\/"},"modified":"2026-04-02T08:28:36","modified_gmt":"2026-04-02T06:28:36","slug":"couteau-de-cuisinier-hygiplas-vert-160mm","status":"publish","type":"product","link":"https:\/\/abinox-chr-clim.com\/index.php\/product\/couteau-de-cuisinier-hygiplas-vert-160mm\/","title":{"rendered":"Couteau de cuisinier Hygiplas vert 160mm"},"content":{"rendered":"<p>Lame en acier inoxydable solide et durable. Conception de la lame facile \u00e0 aiguiser et n\u00e9cessitant peu d&rsquo;entretien. La poign\u00e9e ergonomique et s\u00fbre en nylon \u00e0 prise souple favorise le confort de l&rsquo;utilisateur pendant les longues sessions de pr\u00e9paration. Code couleur : am\u00e9liore l&rsquo;hygi\u00e8ne alimentaire et aide \u00e0 pr\u00e9venir la contamination crois\u00e9e. Construction facile \u00e0 nettoyer au lave-vaisselle.  Lame en acier inoxydable solide et durable.<\/p>\n<p>Caract\u00e9ristiques :<br \/> Dimensions : 16cm.<br \/> Mati\u00e8re : Acier inoxydable.<br \/> Couleur : Vert.<\/p>\n","protected":false},"excerpt":{"rendered":"<p>Couteau de cuisinier Hygiplas vert 160mm<\/p>\n","protected":false},"featured_media":79529,"comment_status":"closed","ping_status":"closed","template":"","meta":[],"product_brand":[],"product_cat":[1075,1064,1081,1297],"product_tag":[],"class_list":{"0":"post-67398","1":"product","2":"type-product","3":"status-publish","4":"has-post-thumbnail","6":"product_cat-couteaux","7":"product_cat-cuisine","8":"product_cat-hygiplas","9":"product_cat-non-palettisable","10":"product_shipping_class-free-shipping","12":"first","13":"instock","14":"featured","15":"taxable","16":"shipping-taxable","17":"purchasable","18":"product-type-simple"},"_links":{"self":[{"href":"https:\/\/abinox-chr-clim.com\/index.php\/wp-json\/wp\/v2\/product\/67398","targetHints":{"allow":["GET"]}}],"collection":[{"href":"https:\/\/abinox-chr-clim.com\/index.php\/wp-json\/wp\/v2\/product"}],"about":[{"href":"https:\/\/abinox-chr-clim.com\/index.php\/wp-json\/wp\/v2\/types\/product"}],"replies":[{"embeddable":true,"href":"https:\/\/abinox-chr-clim.com\/index.php\/wp-json\/wp\/v2\/comments?post=67398"}],"wp:featuredmedia":[{"embeddable":true,"href":"https:\/\/abinox-chr-clim.com\/index.php\/wp-json\/wp\/v2\/media\/79529"}],"wp:attachment":[{"href":"https:\/\/abinox-chr-clim.com\/index.php\/wp-json\/wp\/v2\/media?parent=67398"}],"wp:term":[{"taxonomy":"product_brand","embeddable":true,"href":"https:\/\/abinox-chr-clim.com\/index.php\/wp-json\/wp\/v2\/product_brand?post=67398"},{"taxonomy":"product_cat","embeddable":true,"href":"https:\/\/abinox-chr-clim.com\/index.php\/wp-json\/wp\/v2\/product_cat?post=67398"},{"taxonomy":"product_tag","embeddable":true,"href":"https:\/\/abinox-chr-clim.com\/index.php\/wp-json\/wp\/v2\/product_tag?post=67398"}],"curies":[{"name":"wp","href":"https:\/\/api.w.org\/{rel}","templated":true}]}}