{"id":67257,"date":"2024-03-22T15:48:32","date_gmt":"2024-03-22T14:48:32","guid":{"rendered":"https:\/\/abinox-chr-clim.com\/index.php\/product\/aiguiseur-de-couteaux-japonais-chefs-choice\/"},"modified":"2026-04-14T09:32:25","modified_gmt":"2026-04-14T07:32:25","slug":"aiguiseur-de-couteaux-japonais-chefs-choice","status":"publish","type":"product","link":"https:\/\/abinox-chr-clim.com\/index.php\/product\/aiguiseur-de-couteaux-japonais-chefs-choice\/","title":{"rendered":"Aiguiseur de couteaux japonais Chef&rsquo;s Choice"},"content":{"rendered":"<p>Sp\u00e9cialement con\u00e7u pour les couteaux asiatiques, y compris les couperets chinois, pour obtenir une lame fine et tr\u00e8s aff\u00fbt\u00e9e. Aff\u00fbtage en deux \u00e9tapes pour de meilleurs r\u00e9sultats. La lame est aff\u00fbt\u00e9e lors de la premi\u00e8re \u00e9tape et polie lors de la seconde.<br \/>Disques abrasifs 100 % diamant aux \u00e9tapes 1 et 2. Aiguise et polit chaque c\u00f4t\u00e9 de la lame du couteau s\u00e9par\u00e9ment \u00e0 15 degr\u00e9s. Les guides d&rsquo;angle \u00e9lectrom\u00e9triques de haute pr\u00e9cision garantissent un r\u00e9sultat de qualit\u00e9. Sans danger pour les marques de couteaux de haute qualit\u00e9.  R\u00e9f\u00e9rence soumise \u00e0 une Eco-participation DEEE de 0,13\u20ac par unit\u00e9 vendue. Disques abrasifs 100 % diamant aux \u00e9tapes 1 et 2.<\/p>\n<p>Caract\u00e9ristiques :<br \/> Dimensions : 100(H)x 200(L)x 100(P)mm.<br \/> Mati\u00e8re : Acier au diamant.<br \/> Couleur : Noir.<\/p>\n","protected":false},"excerpt":{"rendered":"<p>Aiguiseur de couteaux japonais Chef&rsquo;s Choice<\/p>\n","protected":false},"featured_media":98528,"comment_status":"closed","ping_status":"closed","template":"","meta":[],"product_brand":[],"product_cat":[1076,1075,1064,1297],"product_tag":[],"class_list":{"0":"post-67257","1":"product","2":"type-product","3":"status-publish","4":"has-post-thumbnail","6":"product_cat-aiguiseurs-a-couteaux","7":"product_cat-couteaux","8":"product_cat-cuisine","9":"product_cat-non-palettisable","10":"product_shipping_class-free-shipping","12":"first","13":"outofstock","14":"featured","15":"taxable","16":"shipping-taxable","17":"purchasable","18":"product-type-simple"},"_links":{"self":[{"href":"https:\/\/abinox-chr-clim.com\/index.php\/wp-json\/wp\/v2\/product\/67257","targetHints":{"allow":["GET"]}}],"collection":[{"href":"https:\/\/abinox-chr-clim.com\/index.php\/wp-json\/wp\/v2\/product"}],"about":[{"href":"https:\/\/abinox-chr-clim.com\/index.php\/wp-json\/wp\/v2\/types\/product"}],"replies":[{"embeddable":true,"href":"https:\/\/abinox-chr-clim.com\/index.php\/wp-json\/wp\/v2\/comments?post=67257"}],"wp:featuredmedia":[{"embeddable":true,"href":"https:\/\/abinox-chr-clim.com\/index.php\/wp-json\/wp\/v2\/media\/98528"}],"wp:attachment":[{"href":"https:\/\/abinox-chr-clim.com\/index.php\/wp-json\/wp\/v2\/media?parent=67257"}],"wp:term":[{"taxonomy":"product_brand","embeddable":true,"href":"https:\/\/abinox-chr-clim.com\/index.php\/wp-json\/wp\/v2\/product_brand?post=67257"},{"taxonomy":"product_cat","embeddable":true,"href":"https:\/\/abinox-chr-clim.com\/index.php\/wp-json\/wp\/v2\/product_cat?post=67257"},{"taxonomy":"product_tag","embeddable":true,"href":"https:\/\/abinox-chr-clim.com\/index.php\/wp-json\/wp\/v2\/product_tag?post=67257"}],"curies":[{"name":"wp","href":"https:\/\/api.w.org\/{rel}","templated":true}]}}