{"id":67230,"date":"2024-03-22T15:48:24","date_gmt":"2024-03-22T14:48:24","guid":{"rendered":"https:\/\/abinox-chr-clim.com\/index.php\/product\/aiguiseur-pour-couteaux\/"},"modified":"2026-04-14T08:32:16","modified_gmt":"2026-04-14T06:32:16","slug":"aiguiseur-pour-couteaux","status":"publish","type":"product","link":"https:\/\/abinox-chr-clim.com\/index.php\/product\/aiguiseur-pour-couteaux\/","title":{"rendered":"Aiguiseur pour couteaux"},"content":{"rendered":"<p>Combine un r\u00e9servoir d&rsquo;eau avec des meules en c\u00e9ramique \u00e0 gros grain pour donner rapidement un nouveau tranchant \u00e0 vos lames. Recommand\u00e9 pour une utilisation avec les couteaux Global et autres couteaux \u00e0 lame \u00e9troite.<br \/>Utilise de l&rsquo;eau pour am\u00e9liorer les performances d&rsquo;aff\u00fbtage et \u00e9viter les rayures sur la lame.Conception ergonomique pour une utilisation en toute s\u00e9curit\u00e9. Recommand\u00e9 pour les couteaux \u00e9troits de style asiatique tels que Global ou Tsuki. L\u00e9ger et portable, il permet d&rsquo;aiguiser les couteaux n&rsquo;importe o\u00f9. Tr\u00e8s facile \u00e0 utiliser &#8211; aiguisage en quelques secondes.Utilise de l&rsquo;eau pour am\u00e9liorer les performances d&rsquo;aff\u00fbtage et \u00e9viter les rayures sur la lame.<\/p>\n<p>Caract\u00e9ristiques :<br \/> Mati\u00e8re : C\u00e9ramique.<br \/> Couleur : Noir.<\/p>\n","protected":false},"excerpt":{"rendered":"<p>Aiguiseur pour couteaux<\/p>\n","protected":false},"featured_media":79428,"comment_status":"closed","ping_status":"closed","template":"","meta":[],"product_brand":[],"product_cat":[1076,1075,1064,1297],"product_tag":[],"class_list":{"0":"post-67230","1":"product","2":"type-product","3":"status-publish","4":"has-post-thumbnail","6":"product_cat-aiguiseurs-a-couteaux","7":"product_cat-couteaux","8":"product_cat-cuisine","9":"product_cat-non-palettisable","10":"product_shipping_class-free-shipping","12":"first","13":"instock","14":"featured","15":"taxable","16":"shipping-taxable","17":"purchasable","18":"product-type-simple"},"_links":{"self":[{"href":"https:\/\/abinox-chr-clim.com\/index.php\/wp-json\/wp\/v2\/product\/67230","targetHints":{"allow":["GET"]}}],"collection":[{"href":"https:\/\/abinox-chr-clim.com\/index.php\/wp-json\/wp\/v2\/product"}],"about":[{"href":"https:\/\/abinox-chr-clim.com\/index.php\/wp-json\/wp\/v2\/types\/product"}],"replies":[{"embeddable":true,"href":"https:\/\/abinox-chr-clim.com\/index.php\/wp-json\/wp\/v2\/comments?post=67230"}],"wp:featuredmedia":[{"embeddable":true,"href":"https:\/\/abinox-chr-clim.com\/index.php\/wp-json\/wp\/v2\/media\/79428"}],"wp:attachment":[{"href":"https:\/\/abinox-chr-clim.com\/index.php\/wp-json\/wp\/v2\/media?parent=67230"}],"wp:term":[{"taxonomy":"product_brand","embeddable":true,"href":"https:\/\/abinox-chr-clim.com\/index.php\/wp-json\/wp\/v2\/product_brand?post=67230"},{"taxonomy":"product_cat","embeddable":true,"href":"https:\/\/abinox-chr-clim.com\/index.php\/wp-json\/wp\/v2\/product_cat?post=67230"},{"taxonomy":"product_tag","embeddable":true,"href":"https:\/\/abinox-chr-clim.com\/index.php\/wp-json\/wp\/v2\/product_tag?post=67230"}],"curies":[{"name":"wp","href":"https:\/\/api.w.org\/{rel}","templated":true}]}}