{"id":67219,"date":"2024-03-22T15:45:01","date_gmt":"2024-03-22T14:45:01","guid":{"rendered":"https:\/\/abinox-chr-clim.com\/index.php\/product\/couvercle-gn-1-1-thermobox-salto\/"},"modified":"2026-04-24T09:03:13","modified_gmt":"2026-04-24T07:03:13","slug":"couvercle-gn-1-1-thermobox-salto","status":"publish","type":"product","link":"https:\/\/abinox-chr-clim.com\/index.php\/product\/couvercle-gn-1-1-thermobox-salto\/","title":{"rendered":"Couvercle GN 1\/1 Thermobox Salto"},"content":{"rendered":"<p>Polypropyl\u00e8ne l\u00e9ger. Hygi\u00e9nique. Lavage recommand\u00e9 \u00e0 80 degr\u00e9s Celsius. R\u00e9sistant \u00e0 la chaleur jusqu&rsquo;\u00e0 120 degr\u00e9s Celsius. Polypropyl\u00e8ne l\u00e9ger.<\/p>\n<p>Caract\u00e9ristiques :<br \/> Dimensions : 30(H) x 400(L) x 600(P) mm.<br \/> Mati\u00e8re : Polypropyl\u00e8ne<\/p>\n","protected":false},"excerpt":{"rendered":"<p>Couvercle GN 1\/1 Thermobox Salto<\/p>\n","protected":false},"featured_media":101217,"comment_status":"closed","ping_status":"closed","template":"","meta":[],"product_brand":[],"product_cat":[1280,1064,1297,1074],"product_tag":[],"class_list":{"0":"post-67219","1":"product","2":"type-product","3":"status-publish","4":"has-post-thumbnail","6":"product_cat-conteneurs-alimentaires-et-bacs-gastronorme-cuisine","7":"product_cat-cuisine","8":"product_cat-non-palettisable","9":"product_cat-thermobox-et-sacs","10":"product_shipping_class-free-shipping","12":"first","13":"instock","14":"featured","15":"taxable","16":"shipping-taxable","17":"purchasable","18":"product-type-simple"},"_links":{"self":[{"href":"https:\/\/abinox-chr-clim.com\/index.php\/wp-json\/wp\/v2\/product\/67219","targetHints":{"allow":["GET"]}}],"collection":[{"href":"https:\/\/abinox-chr-clim.com\/index.php\/wp-json\/wp\/v2\/product"}],"about":[{"href":"https:\/\/abinox-chr-clim.com\/index.php\/wp-json\/wp\/v2\/types\/product"}],"replies":[{"embeddable":true,"href":"https:\/\/abinox-chr-clim.com\/index.php\/wp-json\/wp\/v2\/comments?post=67219"}],"wp:featuredmedia":[{"embeddable":true,"href":"https:\/\/abinox-chr-clim.com\/index.php\/wp-json\/wp\/v2\/media\/101217"}],"wp:attachment":[{"href":"https:\/\/abinox-chr-clim.com\/index.php\/wp-json\/wp\/v2\/media?parent=67219"}],"wp:term":[{"taxonomy":"product_brand","embeddable":true,"href":"https:\/\/abinox-chr-clim.com\/index.php\/wp-json\/wp\/v2\/product_brand?post=67219"},{"taxonomy":"product_cat","embeddable":true,"href":"https:\/\/abinox-chr-clim.com\/index.php\/wp-json\/wp\/v2\/product_cat?post=67219"},{"taxonomy":"product_tag","embeddable":true,"href":"https:\/\/abinox-chr-clim.com\/index.php\/wp-json\/wp\/v2\/product_tag?post=67219"}],"curies":[{"name":"wp","href":"https:\/\/api.w.org\/{rel}","templated":true}]}}